{"id":1015,"date":"2024-07-03T13:41:51","date_gmt":"2024-07-03T11:41:51","guid":{"rendered":"https:\/\/99cubes.de\/?post_type=product&#038;p=1015"},"modified":"2025-03-16T19:18:48","modified_gmt":"2025-03-16T18:18:48","slug":"fokus-box-cube-s-sedus-2","status":"publish","type":"product","link":"https:\/\/99cubes.de\/es\/produkt\/fokus-box-cube-s-sedus-2\/","title":{"rendered":"Caja de trabajo Cube S | SEDUS"},"content":{"rendered":"<div class=\"su-accordion su-u-trim\">\n<div class=\"su-spoiler su-spoiler-style-default su-spoiler-icon-plus\" data-scroll-offset=\"0\" data-anchor-in-url=\"no\"><div class=\"su-spoiler-title\" tabindex=\"0\" role=\"button\"><span class=\"su-spoiler-icon\"><\/span><strong>Acerca de la serie se:cube de Sedus<\/strong><\/div><div class=\"su-spoiler-content su-u-clearfix su-u-trim\">\n<p>Sedus es uno de los fabricantes de mobiliario de oficina con m\u00e1s renombre y \u00e9xito de Alemania. Con se:cube, Sedus ha lanzado al mercado una innovadora serie de cabinas telef\u00f3nicas y de reuni\u00f3n que ha entusiasmado a numerosos clientes. El dise\u00f1o de los cubos de Sedus se caracteriza por una forma sencilla y directa, interrumpida por esquinas suavemente redondeadas. De este modo, los modelos se:cube se integran perfectamente en los m\u00e1s diversos entornos de oficina. Una caracter\u00edstica especial de la gama es la tira LED opcional que rodea toda la superficie. Sirve como se\u00f1al visual de ocupaci\u00f3n y se ilumina en cuanto se utiliza la caja.<\/p>\n<p>Otras caracter\u00edsticas especiales de la serie se:cube son<\/p>\n<ul>\n<li>Seguridad probada por T\u00dcV (\u201eGS\u201c)<\/li>\n<li>Control inteligente de la iluminaci\u00f3n y la ventilaci\u00f3n con tecnolog\u00eda de triple sensor: sensor de movimiento, sensor de temperatura y sensor de CO\u00b2 opcional<\/li>\n<li>Opcional con elemento de mando para el control manual de la ventilaci\u00f3n, la luminosidad y la temperatura de color de los LED.<\/li>\n<li>Tambi\u00e9n disponible en versi\u00f3n de protecci\u00f3n contra incendios y con orificio para la integraci\u00f3n de rociadores, con cargo adicional.<\/li>\n<\/ul>\n<p>El aspecto y el dise\u00f1o crom\u00e1tico de los Sedus Cubes pueden adaptarse individualmente:<\/p>\n<ul>\n<li>Acabado de pintura exterior en 10 colores diferentes (est\u00e1ndar: blanco, otros colores disponibles con coste adicional)<\/li>\n<li>Las paredes exteriores pueden acabarse con un revestimiento de pizarra blanca: un Cube tambi\u00e9n puede utilizarse con sentido desde el exterior, especialmente en entornos de oficina de planta abierta.<\/li>\n<li>El panel trasero puede estar cerrado o acristalado<\/li>\n<li>Puerta opcionalmente abatible a izquierda o derecha<\/li>\n<\/ul>\n<\/div><\/div>\n<div class=\"su-spoiler su-spoiler-style-default su-spoiler-icon-plus su-spoiler-closed\" data-scroll-offset=\"0\" data-anchor-in-url=\"no\"><div class=\"su-spoiler-title\" tabindex=\"0\" role=\"button\"><span class=\"su-spoiler-icon\"><\/span><strong>Equipamiento:<\/strong><\/div><div class=\"su-spoiler-content su-u-clearfix su-u-trim\">\n<p>El interior es configurable individualmente y puede adaptarse a muchos escenarios de aplicaci\u00f3n y requisitos diferentes:<\/p>\n<ul>\n<li>Paredes interiores izquierda y derecha como panel ac\u00fastico, compuesto de marco HDF con relleno de vell\u00f3n ac\u00fastico de poli\u00e9ster y recubierto de tejido laminado (alternativamente en versi\u00f3n de fieltro PET).<\/li>\n<li>Suelos de varios colores (moqueta en losetas de la marca de calidad Interface)<\/li>\n<li>Escritorio integrado en varios colores y decoraciones<\/li>\n<li>Toma de corriente a la altura adecuada de serie, seg\u00fan la variante de modelo elegida<\/li>\n<li>Conexi\u00f3n LAN y\/o toma de carga USB A\/C opcionales<\/li>\n<li>Preparaci\u00f3n para soporte de monitor (orificio y toma adicional) opcionalmente posible (el soporte de monitor propiamente dicho debe pedirse por separado como accesorio)<\/li>\n<\/ul>\n<\/div><\/div>\n<div class=\"su-spoiler su-spoiler-style-default su-spoiler-icon-plus su-spoiler-closed\" data-scroll-offset=\"0\" data-anchor-in-url=\"no\"><div class=\"su-spoiler-title\" tabindex=\"0\" role=\"button\"><span class=\"su-spoiler-icon\"><\/span><strong>Dimensiones y peso:<\/strong><\/div><div class=\"su-spoiler-content su-u-clearfix su-u-trim\">\n<ul>\n<li>Anchura: 1,50 m<\/li>\n<li>Profundidad: 1,00 m<\/li>\n<li>Altura: 2,32 m<\/li>\n<li>Altura libre necesaria para la instalaci\u00f3n y la circulaci\u00f3n del aire: 2,50 m<\/li>\n<li>Peso: 330 kg (sin interior)<\/li>\n<\/ul>\n<\/div><\/div>\n<div class=\"su-spoiler su-spoiler-style-default su-spoiler-icon-plus su-spoiler-closed\" data-scroll-offset=\"0\" data-anchor-in-url=\"no\"><div class=\"su-spoiler-title\" tabindex=\"0\" role=\"button\"><span class=\"su-spoiler-icon\"><\/span><strong>Datos ac\u00fasticos y ventilaci\u00f3n:<\/strong><\/div><div class=\"su-spoiler-content su-u-clearfix su-u-trim\">\n<ul>\n<li>27 dB de reducci\u00f3n del nivel de presi\u00f3n sonora seg\u00fan DIN EN ISO 11957 (2010)<\/li>\n<li>Construcci\u00f3n de pared de varias piezas con material integrado ac\u00fasticamente eficaz<\/li>\n<li>Elementos de cristal de 10,76 mm VSG-SI (cristal de seguridad laminado con pel\u00edcula ac\u00fastica intermedia)<\/li>\n<li>Puerta de cristal con junta inferior abatible, opcionalmente con dispositivo de sujeci\u00f3n magn\u00e9tica adicional para una estanqueidad a\u00fan mayor<\/li>\n<li>Moqueta en losetas ac\u00fasticamente eficaz<\/li>\n<li>Unidad de ventilaci\u00f3n con 304 m\u00b3\/h nominales, tiempo de funcionamiento de 5 minutos tras salir de los cubos<\/li>\n<\/ul>\n<\/div><\/div>\n<\/div>","protected":false},"excerpt":{"rendered":"<p>La cabina de trabajo Cube S es ligeramente m\u00e1s grande que las cabinas telef\u00f3nicas convencionales y ofrece aproximadamente 1,5 metros cuadrados de espacio insonorizado para que una persona pueda concentrarse en su trabajo. Gracias a sus esquinas redondeadas, esta caja se integra armoniosamente en diversos entornos. Llama la atenci\u00f3n la tira de LED que la rodea, que se ilumina cuando la cabina est\u00e1 ocupada.<\/p>\n<p>Los Cubes de Sedus son sin\u00f3nimo de calidad absoluta made in Germany y son la primera gama de altavoces ac\u00fasticos del mundo certificada por T\u00dcV Rheinland (sello GS = seguridad probada).<\/p>\n<p>Dependiendo de la variante del modelo, el Cube S dispone de los siguientes equipamientos interiores:<\/p>\n<ul>\n<li>Web Con: con escritorio integrado y profundo a la altura del asiento (silla giratoria disponible como accesorio)<\/li>\n<li>Web Con bipedestaci\u00f3n: con escritorio profundo integrado a la altura de bipedestaci\u00f3n (1,05 m de altura, taburete de bipedestaci\u00f3n disponible como accesorio).<\/li>\n<li>Phone Call: con escritorio integrado, ligeramente m\u00e1s peque\u00f1o, a la altura de pie (1,05 m de altura, taburete de bipedestaci\u00f3n disponible como accesorio).<\/li>\n<li>vac\u00edo \/ sin interior<\/li>\n<\/ul>\n<p>Estaremos encantados de asesorarle sobre las opciones que m\u00e1s le interesen.<\/p>","protected":false},"featured_media":1076,"comment_status":"open","ping_status":"closed","template":"","meta":{"content-type":"","_uag_custom_page_level_css":""},"product_brand":[],"product_cat":[180],"product_tag":[],"class_list":{"0":"post-1015","1":"product","2":"type-product","3":"status-publish","4":"has-post-thumbnail","6":"product_cat-arbeitsbox","7":"pa_anzahl-personen-1-person","8":"pa_belueftungssteuerung-individuell-steuerbar","9":"pa_belueftungssteuerung-vollautomatisch","10":"pa_breite-150-m","11":"pa_buchungstool-display-goconut-ready","12":"pa_einsatz-szenarien-buero","13":"pa_einsatz-szenarien-hotel","14":"pa_einsatz-szenarien-logistik","15":"pa_einsatz-szenarien-produktion","16":"pa_einsatz-szenarien-schule-universitaet","17":"pa_farbe-konfigurierbar","18":"pa_farbe-schwarz","19":"pa_farbe-weiss","20":"pa_flex-miete-verfuegbar-ja","21":"pa_gewicht-330-kg","22":"pa_hoehe-232-m","23":"pa_lan-kein-lan-anschluss","24":"pa_lan-lan-anschluss-als-sonderausstattung","25":"pa_lieferzeit-8-bis-12-wochen-lieferzeit","26":"pa_luftaustausch-304-m-nominell","27":"pa_marke-sedus","28":"pa_mobilitaet-keine","29":"pa_monitorhalterung-monitorhalterung-als-sonderausstattung","30":"pa_monitorhalterung-ohne-monitorhalterung","31":"pa_preissegment-drei","32":"pa_schalldaemmung-drei-sterne","33":"pa_sitzen-oder-stehen-im-sitzen-hoch-mit-hocker","34":"pa_sitzen-oder-stehen-im-sitzen-niedrig-mit-stuhl-oder-bank","35":"pa_sitzen-oder-stehen-im-stehen","36":"pa_spezial-features-brandschutz-ausfuehrung-verfuegbar","37":"pa_spezial-features-gs-tuev-zertifiziert","38":"pa_spezial-features-led-leuchtstreifen-on-air-signal","39":"pa_spezial-features-video-call-ausstattung","40":"pa_spezial-features-white-board-option","41":"pa_tiefe-100-m","42":"pa_verfuegbare-tisch-optionen-fixe-tischhoehe-sitzen","43":"pa_verfuegbare-tisch-optionen-fixe-tischhoehe-stehen","44":"pa_verfuegbare-tisch-optionen-ohne-tisch","45":"pa_verwendung-konzentriertes-arbeiten","46":"pa_verwendung-telefonieren","47":"pa_verwendung-video-call","49":"first","50":"instock","51":"taxable","52":"shipping-taxable","53":"purchasable","54":"product-type-simple"},"uagb_featured_image_src":{"full":["https:\/\/99cubes.de\/wp-content\/uploads\/2024\/07\/Fokus-Box-Cube-S-Sedus-transp-e1720092926646.png",985,956,false],"thumbnail":["https:\/\/99cubes.de\/wp-content\/uploads\/2024\/07\/Fokus-Box-Cube-S-Sedus-transp-e1720092926646-200x200.png",200,200,true],"medium":["https:\/\/99cubes.de\/wp-content\/uploads\/2024\/07\/Fokus-Box-Cube-S-Sedus-transp-e1720092926646-450x437.png",450,437,true],"medium_large":["https:\/\/99cubes.de\/wp-content\/uploads\/2024\/07\/Fokus-Box-Cube-S-Sedus-transp-e1720092926646-768x745.png",768,745,true],"large":["https:\/\/99cubes.de\/wp-content\/uploads\/2024\/07\/Fokus-Box-Cube-S-Sedus-transp-1200x675.png",1140,641,true],"1536x1536":["https:\/\/99cubes.de\/wp-content\/uploads\/2024\/07\/Fokus-Box-Cube-S-Sedus-transp-1536x864.png",1536,864,true],"2048x2048":["https:\/\/99cubes.de\/wp-content\/uploads\/2024\/07\/Fokus-Box-Cube-S-Sedus-transp-e1720092926646.png",985,956,false],"trp-custom-language-flag":["https:\/\/99cubes.de\/wp-content\/uploads\/2024\/07\/Fokus-Box-Cube-S-Sedus-transp-e1720092926646.png",12,12,false],"botiga-extra-large":["https:\/\/99cubes.de\/wp-content\/uploads\/2024\/07\/Fokus-Box-Cube-S-Sedus-transp-1140x641.png",1140,641,true],"botiga-large":["https:\/\/99cubes.de\/wp-content\/uploads\/2024\/07\/Fokus-Box-Cube-S-Sedus-transp-e1720092926646-920x893.png",920,893,true],"botiga-big":["https:\/\/99cubes.de\/wp-content\/uploads\/2024\/07\/Fokus-Box-Cube-S-Sedus-transp-e1720092926646-575x558.png",575,558,true],"botiga-medium":["https:\/\/99cubes.de\/wp-content\/uploads\/2024\/07\/Fokus-Box-Cube-S-Sedus-transp-e1720092926646-380x369.png",380,369,true],"botiga-header-icons":["https:\/\/99cubes.de\/wp-content\/uploads\/2024\/07\/Fokus-Box-Cube-S-Sedus-transp-e1720092926646-50x50.png",50,50,true],"botiga-product-swatch-image":["https:\/\/99cubes.de\/wp-content\/uploads\/2024\/07\/Fokus-Box-Cube-S-Sedus-transp-e1720092926646-26x26.png",26,26,true],"woocommerce_thumbnail":["https:\/\/99cubes.de\/wp-content\/uploads\/2024\/07\/Fokus-Box-Cube-S-Sedus-transp-e1720092926646-420x420.png",420,420,true],"woocommerce_single":["https:\/\/99cubes.de\/wp-content\/uploads\/2024\/07\/Fokus-Box-Cube-S-Sedus-transp-e1720092926646-800x776.png",800,776,true],"woocommerce_gallery_thumbnail":["https:\/\/99cubes.de\/wp-content\/uploads\/2024\/07\/Fokus-Box-Cube-S-Sedus-transp-e1720092926646-100x100.png",100,100,true],"wpvr_mobile":["https:\/\/99cubes.de\/wp-content\/uploads\/2024\/07\/Fokus-Box-Cube-S-Sedus-transp-e1720092926646.png",985,956,false]},"uagb_author_info":{"display_name":"frank","author_link":"https:\/\/99cubes.de\/es\/author\/"},"uagb_comment_info":1,"uagb_excerpt":"Die Arbeits-Box Cube S ist etwas gr\u00f6\u00dfer als herk\u00f6mmliche Telefonboxen und bietet auf ca. 1,5 Quadratmetern einen schallgesch\u00fctzten Raum f\u00fcr konzentrierts Arbeiten f\u00fcr eine Person. Durch die abgerundeten Ecken passt sich diese Box harmonisch in verschiedene Umgebungen ein. Ein Hingucker ist der umlaufende LED-Streifen, der bei Belegung aufleuchtet. Die Cubes von Sedus stehen f\u00fcr absolute&hellip;","_links":{"self":[{"href":"https:\/\/99cubes.de\/es\/wp-json\/wp\/v2\/product\/1015","targetHints":{"allow":["GET"]}}],"collection":[{"href":"https:\/\/99cubes.de\/es\/wp-json\/wp\/v2\/product"}],"about":[{"href":"https:\/\/99cubes.de\/es\/wp-json\/wp\/v2\/types\/product"}],"replies":[{"embeddable":true,"href":"https:\/\/99cubes.de\/es\/wp-json\/wp\/v2\/comments?post=1015"}],"wp:featuredmedia":[{"embeddable":true,"href":"https:\/\/99cubes.de\/es\/wp-json\/wp\/v2\/media\/1076"}],"wp:attachment":[{"href":"https:\/\/99cubes.de\/es\/wp-json\/wp\/v2\/media?parent=1015"}],"wp:term":[{"taxonomy":"product_brand","embeddable":true,"href":"https:\/\/99cubes.de\/es\/wp-json\/wp\/v2\/product_brand?post=1015"},{"taxonomy":"product_cat","embeddable":true,"href":"https:\/\/99cubes.de\/es\/wp-json\/wp\/v2\/product_cat?post=1015"},{"taxonomy":"product_tag","embeddable":true,"href":"https:\/\/99cubes.de\/es\/wp-json\/wp\/v2\/product_tag?post=1015"}],"curies":[{"name":"wp","href":"https:\/\/api.w.org\/{rel}","templated":true}]}}

<div class="su-accordion su-u-trim">
<div class="su-spoiler su-spoiler-style-default su-spoiler-icon-plus" data-scroll-offset="0" data-anchor-in-url="no"><div class="su-spoiler-title" tabindex="0" role="button"><span class="su-spoiler-icon"></span><strong>Acerca de la serie se:cube de Sedus</strong></div><div class="su-spoiler-content su-u-clearfix su-u-trim">
<p>Sedus es uno de los fabricantes de mobiliario de oficina con más renombre y éxito de Alemania. Con se:cube, Sedus ha lanzado al mercado una innovadora serie de cabinas telefónicas y de reunión que ha entusiasmado a numerosos clientes. El diseño de los cubos de Sedus se caracteriza por una forma sencilla y directa, interrumpida por esquinas suavemente redondeadas. De este modo, los modelos se:cube se integran perfectamente en los más diversos entornos de oficina. Una característica especial de la gama es la tira LED opcional que rodea toda la superficie. Sirve como señal visual de ocupación y se ilumina en cuanto se utiliza la caja.</p>
<p>Otras características especiales de la serie se:cube son</p>
<ul>
<li>Seguridad probada por TÜV („GS“)</li>
<li>Control inteligente de la iluminación y la ventilación con tecnología de triple sensor: sensor de movimiento, sensor de temperatura y sensor de CO² opcional</li>
<li>Opcional con elemento de mando para el control manual de la ventilación, la luminosidad y la temperatura de color de los LED.</li>
<li>También disponible en versión de protección contra incendios y con orificio para la integración de rociadores, con cargo adicional.</li>
</ul>
<p>El aspecto y el diseño cromático de los Sedus Cubes pueden adaptarse individualmente:</p>
<ul>
<li>Acabado de pintura exterior en 10 colores diferentes (estándar: blanco, otros colores disponibles con coste adicional)</li>
<li>Las paredes exteriores pueden acabarse con un revestimiento de pizarra blanca: un Cube también puede utilizarse con sentido desde el exterior, especialmente en entornos de oficina de planta abierta.</li>
<li>El panel trasero puede estar cerrado o acristalado</li>
<li>Puerta opcionalmente abatible a izquierda o derecha</li>
</ul>
</div></div>
<div class="su-spoiler su-spoiler-style-default su-spoiler-icon-plus su-spoiler-closed" data-scroll-offset="0" data-anchor-in-url="no"><div class="su-spoiler-title" tabindex="0" role="button"><span class="su-spoiler-icon"></span><strong>Equipamiento:</strong></div><div class="su-spoiler-content su-u-clearfix su-u-trim">
<p>El interior es configurable individualmente y puede adaptarse a muchos escenarios de aplicación y requisitos diferentes:</p>
<ul>
<li>Paredes interiores izquierda y derecha como panel acústico, compuesto de marco HDF con relleno de vellón acústico de poliéster y recubierto de tejido laminado (alternativamente en versión de fieltro PET).</li>
<li>Suelos de varios colores (moqueta en losetas de la marca de calidad Interface)</li>
<li>Escritorio integrado en varios colores y decoraciones</li>
<li>Toma de corriente a la altura adecuada de serie, según la variante de modelo elegida</li>
<li>Conexión LAN y/o toma de carga USB A/C opcionales</li>
<li>Preparación para soporte de monitor (orificio y toma adicional) opcionalmente posible (el soporte de monitor propiamente dicho debe pedirse por separado como accesorio)</li>
</ul>
</div></div>
<div class="su-spoiler su-spoiler-style-default su-spoiler-icon-plus su-spoiler-closed" data-scroll-offset="0" data-anchor-in-url="no"><div class="su-spoiler-title" tabindex="0" role="button"><span class="su-spoiler-icon"></span><strong>Dimensiones y peso:</strong></div><div class="su-spoiler-content su-u-clearfix su-u-trim">
<ul>
<li>Anchura: 1,50 m</li>
<li>Profundidad: 1,00 m</li>
<li>Altura: 2,32 m</li>
<li>Altura libre necesaria para la instalación y la circulación del aire: 2,50 m</li>
<li>Peso: 330 kg (sin interior)</li>
</ul>
</div></div>
<div class="su-spoiler su-spoiler-style-default su-spoiler-icon-plus su-spoiler-closed" data-scroll-offset="0" data-anchor-in-url="no"><div class="su-spoiler-title" tabindex="0" role="button"><span class="su-spoiler-icon"></span><strong>Datos acústicos y ventilación:</strong></div><div class="su-spoiler-content su-u-clearfix su-u-trim">
<ul>
<li>27 dB de reducción del nivel de presión sonora según DIN EN ISO 11957 (2010)</li>
<li>Construcción de pared de varias piezas con material integrado acústicamente eficaz</li>
<li>Elementos de cristal de 10,76 mm VSG-SI (cristal de seguridad laminado con película acústica intermedia)</li>
<li>Puerta de cristal con junta inferior abatible, opcionalmente con dispositivo de sujeción magnética adicional para una estanqueidad aún mayor</li>
<li>Moqueta en losetas acústicamente eficaz</li>
<li>Unidad de ventilación con 304 m³/h nominales, tiempo de funcionamiento de 5 minutos tras salir de los cubos</li>
</ul>
</div></div>
</div>

<p>La cabina de trabajo Cube S es ligeramente más grande que las cabinas telefónicas convencionales y ofrece aproximadamente 1,5 metros cuadrados de espacio insonorizado para que una persona pueda concentrarse en su trabajo. Gracias a sus esquinas redondeadas, esta caja se integra armoniosamente en diversos entornos. Llama la atención la tira de LED que la rodea, que se ilumina cuando la cabina está ocupada.</p>
<p>Los Cubes de Sedus son sinónimo de calidad absoluta made in Germany y son la primera gama de altavoces acústicos del mundo certificada por TÜV Rheinland (sello GS = seguridad probada).</p>
<p>Dependiendo de la variante del modelo, el Cube S dispone de los siguientes equipamientos interiores:</p>
<ul>
<li>Web Con: con escritorio integrado y profundo a la altura del asiento (silla giratoria disponible como accesorio)</li>
<li>Web Con bipedestación: con escritorio profundo integrado a la altura de bipedestación (1,05 m de altura, taburete de bipedestación disponible como accesorio).</li>
<li>Phone Call: con escritorio integrado, ligeramente más pequeño, a la altura de pie (1,05 m de altura, taburete de bipedestación disponible como accesorio).</li>
<li>vacío / sin interior</li>
</ul>
<p>Estaremos encantados de asesorarle sobre las opciones que más le interesen.</p>

Die Arbeits-Box Cube S ist etwas größer als herkömmliche Telefonboxen und bietet auf ca. 1,5 Quadratmetern einen schallgeschützten Raum für konzentrierts Arbeiten für eine Person. Durch die abgerundeten Ecken passt sich diese Box harmonisch in verschiedene Umgebungen ein. Ein Hingucker ist der umlaufende LED-Streifen, der bei Belegung aufleuchtet. Die Cubes von Sedus stehen für absolute&hellip;
