{"id":3131,"date":"2024-11-20T18:30:03","date_gmt":"2024-11-20T17:30:03","guid":{"rendered":"https:\/\/99cubes.de\/?post_type=product&#038;p=3131"},"modified":"2026-04-30T16:12:27","modified_gmt":"2026-04-30T14:12:27","slug":"palco-de-reunion-de-2-plazas-bosselino-duo-bosse","status":"publish","type":"product","link":"https:\/\/99cubes.de\/es\/produkt\/2er-meetingbox-bosselino-duo-bosse\/","title":{"rendered":"Caja de reuni\u00f3n de 2 piezas Bosselino Duo | Bosse"},"content":{"rendered":"<div class=\"su-accordion su-u-trim\">\n<div class=\"su-spoiler su-spoiler-style-default su-spoiler-icon-plus\" data-scroll-offset=\"0\" data-anchor-in-url=\"no\"><div class=\"su-spoiler-title\" tabindex=\"0\" role=\"button\"><span class=\"su-spoiler-icon\"><\/span><strong>Informaci\u00f3n sobre la serie Bosselino<\/strong><\/div><div class=\"su-spoiler-content su-u-clearfix su-u-trim\">\n<p>Bosse geh\u00f6rt schon seit den 1990ern zu den Pionieren im Bereich der Raum-in-Raum-Systeme und hat daher mittlerweile jahrzehntelange Erfahrung bei der Strukturierung von Gro\u00dfraumb\u00fcros. Nach dem Erfolg der (schwarzen) Telefonbox Bosselino hat Bosse dieses Produkt nun in helleren Farben neu aufgelegt. Die Produktserie besteht aktuell aus der Telefonbox &#8222;Bosselino Uno&#8220;, der auf zwei Personen ausgelegten Meetingbox &#8222;Bosselino Duo&#8220; sowie der Arbeitsbox &#8222;Bosselino Work&#8220;.<\/p>\n<p><strong>Producci\u00f3n clim\u00e1ticamente neutra:<\/strong> La gama de productos Bosselino se fabrica en Alemania con neutralidad clim\u00e1tica.<\/p>\n<\/div><\/div>\n<div class=\"su-spoiler su-spoiler-style-default su-spoiler-icon-plus su-spoiler-closed\" data-scroll-offset=\"0\" data-anchor-in-url=\"no\"><div class=\"su-spoiler-title\" tabindex=\"0\" role=\"button\"><span class=\"su-spoiler-icon\"><\/span><strong>Equipamiento:<\/strong><\/div><div class=\"su-spoiler-content su-u-clearfix su-u-trim\">\n<ul>\n<li>Instalaci\u00f3n el\u00e9ctrica mediante sistema Plug &amp; Play<\/li>\n<li>Ventilaci\u00f3n integrada con 3 ventiladores silenciosos<\/li>\n<li>Iluminaci\u00f3n LED de bajo consumo<\/li>\n<li>Moderna alimentaci\u00f3n el\u00e9ctrica: 2x USB de carga A+C con 65 vatios de potencia directamente en la mesa, lo que hace superflua una toma Schuko convencional<\/li>\n<li>Puerta de cristal doble de 8 mm ESG<\/li>\n<li>Amplio tablero a la altura del asiento en acabado de madera melaminada \u201eroble Lindberg\u201c, con mucho espacio para el port\u00e1til y el ordenador.<\/li>\n<li>Robusta placa base con alfombra de fieltro ac\u00fasticamente eficaz<\/li>\n<li>Techo suspendido<\/li>\n<li>Nivelaci\u00f3n de altura para suelos irregulares de hasta 15 mm<\/li>\n<li>Combinaci\u00f3n de colores: paredes exteriores blancas, paredes interiores de fieltro PET \u201ecaqui claro\u201c, moqueta antracita<\/li>\n<\/ul>\n<p>Por un suplemento:<\/p>\n<ul>\n<li>Dos bancos de madera en acabado melam\u00ednico \u201eroble Lindberg\u201c - con o sin coj\u00edn de asiento<\/li>\n<li>puf de tela<\/li>\n<\/ul>\n<\/div><\/div>\n<div class=\"su-spoiler su-spoiler-style-default su-spoiler-icon-plus su-spoiler-closed\" data-scroll-offset=\"0\" data-anchor-in-url=\"no\"><div class=\"su-spoiler-title\" tabindex=\"0\" role=\"button\"><span class=\"su-spoiler-icon\"><\/span><strong>Dimensiones y peso:<\/strong><\/div><div class=\"su-spoiler-content su-u-clearfix su-u-trim\">\n<div class=\"item-603 readonly-607 indent-604\">\n<ul>\n<li>Anchura exterior \/ interior:<span class=\"secondary-text\"> 1909 mm \/ 1795 mm<\/span><\/li>\n<li>Profundidad Exterior Interior:<span class=\"secondary-text\"> 994 mm \/ 912 mm<\/span><\/li>\n<li>Altura exterior \/ interior :<span class=\"secondary-text\"> 2155 mm \/2018 mm<\/span><\/li>\n<li>m\u00edn. altura de la habitaci\u00f3n:<span class=\"secondary-text\"> 2320 mm<\/span><\/li>\n<li>Gewicht: ca.450 kg<\/li>\n<\/ul>\n<\/div>\n<\/div><\/div>\n<div class=\"su-spoiler su-spoiler-style-default su-spoiler-icon-plus su-spoiler-closed\" data-scroll-offset=\"0\" data-anchor-in-url=\"no\"><div class=\"su-spoiler-title\" tabindex=\"0\" role=\"button\"><span class=\"su-spoiler-icon\"><\/span><strong>Datos ac\u00fasticos y ventilaci\u00f3n:<\/strong><\/div><div class=\"su-spoiler-content su-u-clearfix su-u-trim\">\n<ul>\n<li>Buen aislamiento ac\u00fastico: pared lateral y trasera fonoabsorbentes con paneles ac\u00fasticos de fieltro PET reciclado 100 %, moqueta de fieltro ac\u00fasticamente eficaz, puerta de cristal con perfiles de estanqueidad perimetral.<\/li>\n<li>Ventilaci\u00f3n silenciosa y de alto rendimiento gracias a tres ventiladores silenciosos - Caudal de aire nominal de 80 m\u00b3\/h por ventilador, es decir, 240 m\u00b3\/h en total (v\u00e9ase tambi\u00e9n el criterio de selecci\u00f3n) <a href=\"https:\/\/99cubes.de\/es\/intercambio-de-aire\/\">Intercambio de aire<\/a>)<\/li>\n<\/ul>\n<\/div><\/div>\n<\/div>","protected":false},"excerpt":{"rendered":"<p>La caja de reuniones \u201eBosselino Duo\u201c es la caja de reuniones inteligente de 2 plazas de la serie Bosselino.<\/p>\n<p>El \u201eBosselino Duo\u201c est\u00e1 tan inteligentemente dise\u00f1ado como su hermano peque\u00f1o, <a href=\"https:\/\/99cubes.de\/es\/productos\/cabina-telefonica-bosselino-uno-bosse\/\">la cabina telef\u00f3nica de Bosselino Uno.<\/a> Es el doble de ancho, tiene dos puertas de cristal que se abren hacia el centro y est\u00e1 equipado con una mesa fija en el centro. Los dos bancos est\u00e1n disponibles como opci\u00f3n.<\/p>\n<p><strong>Materiales duraderos y sostenibles | Made in Germany | multiplex de madera aut\u00e9ntica | incl. moqueta ac\u00fasticamente eficaz<\/strong><\/p>","protected":false},"featured_media":3888,"comment_status":"open","ping_status":"closed","template":"","meta":{"content-type":"","_uag_custom_page_level_css":""},"product_brand":[],"product_cat":[60],"product_tag":[],"class_list":{"0":"post-3131","1":"product","2":"type-product","3":"status-publish","4":"has-post-thumbnail","6":"product_cat-meetingboxen","7":"pa_anzahl-personen-2-personen","8":"pa_belueftungssteuerung-vollautomatisch","9":"pa_breite-191-m","10":"pa_buchungstool-display-goconut-ready","11":"pa_einsatz-szenarien-buero","12":"pa_einsatz-szenarien-einzelhandel","13":"pa_einsatz-szenarien-hotel","14":"pa_einsatz-szenarien-schule-universitaet","15":"pa_farbe-weiss","16":"pa_flex-miete-verfuegbar-ja","17":"pa_gewicht-450-kg","18":"pa_hoehe-216-m","19":"pa_lan-kein-lan-anschluss","20":"pa_lieferzeit-2-wochen-lieferzeit","21":"pa_luftaustausch-240-m-h-nominell","22":"pa_marke-bosse","23":"pa_mobilitaet-keine","24":"pa_monitorhalterung-ohne-monitorhalterung","25":"pa_nachhaltigkeit-klimaneutral-hergestellt","26":"pa_preissegment-eins","27":"pa_schalldaemmung-zwei-sterne","28":"pa_sitzen-oder-stehen-im-sitzen-niedrig-mit-stuhl-oder-bank","29":"pa_spezial-features-fuer-selbstmontage-geeignet","30":"pa_tiefe-0994-m","31":"pa_verfuegbare-tisch-optionen-fixe-tischhoehe-sitzen","32":"pa_verwendung-meeting","33":"pa_verwendung-telefonieren","34":"pa_verwendung-video-call","36":"first","37":"instock","38":"taxable","39":"shipping-taxable","40":"purchasable","41":"product-type-simple"},"uagb_featured_image_src":{"full":["https:\/\/99cubes.de\/wp-content\/uploads\/2024\/11\/Meetingbox-Bosselino-Duo-weiss-zwei-Personen-09.jpg",1600,1067,false],"thumbnail":["https:\/\/99cubes.de\/wp-content\/uploads\/2024\/11\/Meetingbox-Bosselino-Duo-weiss-zwei-Personen-09-200x200.jpg",200,200,true],"medium":["https:\/\/99cubes.de\/wp-content\/uploads\/2024\/11\/Meetingbox-Bosselino-Duo-weiss-zwei-Personen-09-450x300.jpg",450,300,true],"medium_large":["https:\/\/99cubes.de\/wp-content\/uploads\/2024\/11\/Meetingbox-Bosselino-Duo-weiss-zwei-Personen-09-768x512.jpg",768,512,true],"large":["https:\/\/99cubes.de\/wp-content\/uploads\/2024\/11\/Meetingbox-Bosselino-Duo-weiss-zwei-Personen-09-1200x800.jpg",1140,760,true],"1536x1536":["https:\/\/99cubes.de\/wp-content\/uploads\/2024\/11\/Meetingbox-Bosselino-Duo-weiss-zwei-Personen-09-1536x1024.jpg",1536,1024,true],"2048x2048":["https:\/\/99cubes.de\/wp-content\/uploads\/2024\/11\/Meetingbox-Bosselino-Duo-weiss-zwei-Personen-09.jpg",1600,1067,false],"trp-custom-language-flag":["https:\/\/99cubes.de\/wp-content\/uploads\/2024\/11\/Meetingbox-Bosselino-Duo-weiss-zwei-Personen-09-18x12.jpg",18,12,true],"botiga-extra-large":["https:\/\/99cubes.de\/wp-content\/uploads\/2024\/11\/Meetingbox-Bosselino-Duo-weiss-zwei-Personen-09-1140x760.jpg",1140,760,true],"botiga-large":["https:\/\/99cubes.de\/wp-content\/uploads\/2024\/11\/Meetingbox-Bosselino-Duo-weiss-zwei-Personen-09-920x614.jpg",920,614,true],"botiga-big":["https:\/\/99cubes.de\/wp-content\/uploads\/2024\/11\/Meetingbox-Bosselino-Duo-weiss-zwei-Personen-09-575x383.jpg",575,383,true],"botiga-medium":["https:\/\/99cubes.de\/wp-content\/uploads\/2024\/11\/Meetingbox-Bosselino-Duo-weiss-zwei-Personen-09-380x253.jpg",380,253,true],"botiga-header-icons":["https:\/\/99cubes.de\/wp-content\/uploads\/2024\/11\/Meetingbox-Bosselino-Duo-weiss-zwei-Personen-09-50x50.jpg",50,50,true],"botiga-product-swatch-image":["https:\/\/99cubes.de\/wp-content\/uploads\/2024\/11\/Meetingbox-Bosselino-Duo-weiss-zwei-Personen-09-26x26.jpg",26,26,true],"woocommerce_thumbnail":["https:\/\/99cubes.de\/wp-content\/uploads\/2024\/11\/Meetingbox-Bosselino-Duo-weiss-zwei-Personen-09-420x420.jpg",420,420,true],"woocommerce_single":["https:\/\/99cubes.de\/wp-content\/uploads\/2024\/11\/Meetingbox-Bosselino-Duo-weiss-zwei-Personen-09-800x534.jpg",800,534,true],"woocommerce_gallery_thumbnail":["https:\/\/99cubes.de\/wp-content\/uploads\/2024\/11\/Meetingbox-Bosselino-Duo-weiss-zwei-Personen-09-100x100.jpg",100,100,true],"wpvr_mobile":["https:\/\/99cubes.de\/wp-content\/uploads\/2024\/11\/Meetingbox-Bosselino-Duo-weiss-zwei-Personen-09.jpg",1600,1067,false]},"uagb_author_info":{"display_name":"frank","author_link":"https:\/\/99cubes.de\/es\/author\/"},"uagb_comment_info":0,"uagb_excerpt":"Die Meetingbox \"Bosselino Duo\" ist die smarte 2er-Meetingbox aus der Bosselino-Serie. Die \"Bosselino Duo\" ist genauso clever konstruiert wie ihr kleiner Bruder, die Telefonbox Bosselino Uno. Sie ist doppelt so breit, hat zwei zur Mitte hin \u00f6ffnende Glast\u00fcren und ist mit einem in der Mitte fest montierten Tisch ausgestattet. Die beiden Sitzb\u00e4nke sind optional erh\u00e4ltlich.&hellip;","_links":{"self":[{"href":"https:\/\/99cubes.de\/es\/wp-json\/wp\/v2\/product\/3131","targetHints":{"allow":["GET"]}}],"collection":[{"href":"https:\/\/99cubes.de\/es\/wp-json\/wp\/v2\/product"}],"about":[{"href":"https:\/\/99cubes.de\/es\/wp-json\/wp\/v2\/types\/product"}],"replies":[{"embeddable":true,"href":"https:\/\/99cubes.de\/es\/wp-json\/wp\/v2\/comments?post=3131"}],"wp:featuredmedia":[{"embeddable":true,"href":"https:\/\/99cubes.de\/es\/wp-json\/wp\/v2\/media\/3888"}],"wp:attachment":[{"href":"https:\/\/99cubes.de\/es\/wp-json\/wp\/v2\/media?parent=3131"}],"wp:term":[{"taxonomy":"product_brand","embeddable":true,"href":"https:\/\/99cubes.de\/es\/wp-json\/wp\/v2\/product_brand?post=3131"},{"taxonomy":"product_cat","embeddable":true,"href":"https:\/\/99cubes.de\/es\/wp-json\/wp\/v2\/product_cat?post=3131"},{"taxonomy":"product_tag","embeddable":true,"href":"https:\/\/99cubes.de\/es\/wp-json\/wp\/v2\/product_tag?post=3131"}],"curies":[{"name":"wp","href":"https:\/\/api.w.org\/{rel}","templated":true}]}}

Caja de reunión de 2 piezas Bosselino Duo | Bosse

<div class="su-accordion su-u-trim">
<div class="su-spoiler su-spoiler-style-default su-spoiler-icon-plus" data-scroll-offset="0" data-anchor-in-url="no"><div class="su-spoiler-title" tabindex="0" role="button"><span class="su-spoiler-icon"></span><strong>Información sobre la serie Bosselino</strong></div><div class="su-spoiler-content su-u-clearfix su-u-trim">
<p>Bosse gehört schon seit den 1990ern zu den Pionieren im Bereich der Raum-in-Raum-Systeme und hat daher mittlerweile jahrzehntelange Erfahrung bei der Strukturierung von Großraumbüros. Nach dem Erfolg der (schwarzen) Telefonbox Bosselino hat Bosse dieses Produkt nun in helleren Farben neu aufgelegt. Die Produktserie besteht aktuell aus der Telefonbox &#8222;Bosselino Uno&#8220;, der auf zwei Personen ausgelegten Meetingbox &#8222;Bosselino Duo&#8220; sowie der Arbeitsbox &#8222;Bosselino Work&#8220;.</p>
<p><strong>Producción climáticamente neutra:</strong> La gama de productos Bosselino se fabrica en Alemania con neutralidad climática.</p>
</div></div>
<div class="su-spoiler su-spoiler-style-default su-spoiler-icon-plus su-spoiler-closed" data-scroll-offset="0" data-anchor-in-url="no"><div class="su-spoiler-title" tabindex="0" role="button"><span class="su-spoiler-icon"></span><strong>Equipamiento:</strong></div><div class="su-spoiler-content su-u-clearfix su-u-trim">
<ul>
<li>Instalación eléctrica mediante sistema Plug &amp; Play</li>
<li>Ventilación integrada con 3 ventiladores silenciosos</li>
<li>Iluminación LED de bajo consumo</li>
<li>Moderna alimentación eléctrica: 2x USB de carga A+C con 65 vatios de potencia directamente en la mesa, lo que hace superflua una toma Schuko convencional</li>
<li>Puerta de cristal doble de 8 mm ESG</li>
<li>Amplio tablero a la altura del asiento en acabado de madera melaminada „roble Lindberg“, con mucho espacio para el portátil y el ordenador.</li>
<li>Robusta placa base con alfombra de fieltro acústicamente eficaz</li>
<li>Techo suspendido</li>
<li>Nivelación de altura para suelos irregulares de hasta 15 mm</li>
<li>Combinación de colores: paredes exteriores blancas, paredes interiores de fieltro PET „caqui claro“, moqueta antracita</li>
</ul>
<p>Por un suplemento:</p>
<ul>
<li>Dos bancos de madera en acabado melamínico „roble Lindberg“ - con o sin cojín de asiento</li>
<li>puf de tela</li>
</ul>
</div></div>
<div class="su-spoiler su-spoiler-style-default su-spoiler-icon-plus su-spoiler-closed" data-scroll-offset="0" data-anchor-in-url="no"><div class="su-spoiler-title" tabindex="0" role="button"><span class="su-spoiler-icon"></span><strong>Dimensiones y peso:</strong></div><div class="su-spoiler-content su-u-clearfix su-u-trim">
<div class="item-603 readonly-607 indent-604">
<ul>
<li>Anchura exterior / interior:<span class="secondary-text"> 1909 mm / 1795 mm</span></li>
<li>Profundidad Exterior Interior:<span class="secondary-text"> 994 mm / 912 mm</span></li>
<li>Altura exterior / interior :<span class="secondary-text"> 2155 mm /2018 mm</span></li>
<li>mín. altura de la habitación:<span class="secondary-text"> 2320 mm</span></li>
<li>Gewicht: ca.450 kg</li>
</ul>
</div>
</div></div>
<div class="su-spoiler su-spoiler-style-default su-spoiler-icon-plus su-spoiler-closed" data-scroll-offset="0" data-anchor-in-url="no"><div class="su-spoiler-title" tabindex="0" role="button"><span class="su-spoiler-icon"></span><strong>Datos acústicos y ventilación:</strong></div><div class="su-spoiler-content su-u-clearfix su-u-trim">
<ul>
<li>Buen aislamiento acústico: pared lateral y trasera fonoabsorbentes con paneles acústicos de fieltro PET reciclado 100 %, moqueta de fieltro acústicamente eficaz, puerta de cristal con perfiles de estanqueidad perimetral.</li>
<li>Ventilación silenciosa y de alto rendimiento gracias a tres ventiladores silenciosos - Caudal de aire nominal de 80 m³/h por ventilador, es decir, 240 m³/h en total (véase también el criterio de selección) <a href="https://99cubes.de/es/intercambio-de-aire/">Intercambio de aire</a>)</li>
</ul>
</div></div>
</div>

<p>La caja de reuniones „Bosselino Duo“ es la caja de reuniones inteligente de 2 plazas de la serie Bosselino.</p>
<p>El „Bosselino Duo“ está tan inteligentemente diseñado como su hermano pequeño, <a href="https://99cubes.de/es/productos/cabina-telefonica-bosselino-uno-bosse/">la cabina telefónica de Bosselino Uno.</a> Es el doble de ancho, tiene dos puertas de cristal que se abren hacia el centro y está equipado con una mesa fija en el centro. Los dos bancos están disponibles como opción.</p>
<p><strong>Materiales duraderos y sostenibles | Made in Germany | multiplex de madera auténtica | incl. moqueta acústicamente eficaz</strong></p>

Die Meetingbox "Bosselino Duo" ist die smarte 2er-Meetingbox aus der Bosselino-Serie. Die "Bosselino Duo" ist genauso clever konstruiert wie ihr kleiner Bruder, die Telefonbox Bosselino Uno. Sie ist doppelt so breit, hat zwei zur Mitte hin öffnende Glastüren und ist mit einem in der Mitte fest montierten Tisch ausgestattet. Die beiden Sitzbänke sind optional erhältlich.&hellip;
