{"id":3161,"date":"2024-11-25T10:06:25","date_gmt":"2024-11-25T09:06:25","guid":{"rendered":"https:\/\/99cubes.de\/?post_type=product&#038;p=3161"},"modified":"2026-01-13T10:40:52","modified_gmt":"2026-01-13T09:40:52","slug":"sala-de-conferencias-cube-max-s-m-l-sedus","status":"publish","type":"product","link":"https:\/\/99cubes.de\/es\/produkt\/konferenzraum-cube-max-s-m-l-sedus\/","title":{"rendered":"Sala de conferencias Cube max (S\/M\/L) | SEDUS"},"content":{"rendered":"<div class=\"su-accordion su-u-trim\">\n<div class=\"su-spoiler su-spoiler-style-default su-spoiler-icon-plus\" data-scroll-offset=\"0\" data-anchor-in-url=\"no\"><div class=\"su-spoiler-title\" tabindex=\"0\" role=\"button\"><span class=\"su-spoiler-icon\"><\/span><strong>Acerca de la serie se:cube de Sedus<\/strong><\/div><div class=\"su-spoiler-content su-u-clearfix su-u-trim\">\n<p>Sedus es uno de los fabricantes de mobiliario de oficina con m\u00e1s renombre y \u00e9xito de Alemania. Con se:cube, Sedus ha lanzado al mercado una innovadora serie de cabinas telef\u00f3nicas y de reuniones que ha entusiasmado a numerosos clientes. La denominaci\u00f3n adicional \u201emax\u201c corresponde a cubos del tama\u00f1o de una sala de conferencias que se colocan en el suelo existente del edificio (sin suelo independiente). El dise\u00f1o de los cubos de Sedus se caracteriza por una forma sencilla y directa, interrumpida por esquinas suavemente redondeadas. De este modo, los modelos se:cube se integran perfectamente en los m\u00e1s diversos entornos de oficina. Una caracter\u00edstica especial de la gama es la tira LED opcional que rodea toda la superficie. Sirve como se\u00f1al visual de ocupaci\u00f3n y se ilumina en cuanto se utiliza la caja.<\/p>\n<p>Otras caracter\u00edsticas especiales de la serie se:cube son<\/p>\n<ul>\n<li>Seguridad certificada por T\u00dcV (\u201eGS\u201c) para <a href=\"https:\/\/99cubes.de\/es\/productos\/fokus-box-cube-s-sedus-2\/\">Cubo S<\/a>, <a href=\"https:\/\/99cubes.de\/es\/productos\/caja-de-reuniones-cube-m-sedus-2\/\">Cubo M<\/a> y <a href=\"https:\/\/99cubes.de\/es\/productos\/caja-de-reuniones-cube-l-sedus\/\">Cubo L<\/a>.<\/li>\n<li>Control inteligente de la iluminaci\u00f3n y la ventilaci\u00f3n con tecnolog\u00eda de triple sensor: sensor de movimiento, sensor de temperatura y sensor de CO\u00b2 opcional<\/li>\n<li>Opcional con elemento de mando para el control manual de la ventilaci\u00f3n, la luminosidad y la temperatura de color de los LED.<\/li>\n<\/ul>\n<p>El aspecto y el dise\u00f1o crom\u00e1tico de los Sedus Cubes pueden adaptarse individualmente:<\/p>\n<ul>\n<li>Acabado de pintura exterior en 10 colores diferentes (est\u00e1ndar: blanco, otros colores disponibles con coste adicional)<\/li>\n<li>Las paredes exteriores pueden acabarse con un revestimiento de pizarra blanca: un Cube tambi\u00e9n puede utilizarse con sentido desde el exterior, especialmente en entornos de oficina de planta abierta.<\/li>\n<li>Puerta opcionalmente abatible a izquierda o derecha<\/li>\n<\/ul>\n<\/div><\/div>\n<div class=\"su-spoiler su-spoiler-style-default su-spoiler-icon-plus su-spoiler-closed\" data-scroll-offset=\"0\" data-anchor-in-url=\"no\"><div class=\"su-spoiler-title\" tabindex=\"0\" role=\"button\"><span class=\"su-spoiler-icon\"><\/span><strong>Equipamiento:<\/strong><\/div><div class=\"su-spoiler-content su-u-clearfix su-u-trim\">\n<ul>\n<li>Paneles de fieltro PET en el techo para una ac\u00fastica agradable de la sala<\/li>\n<li>Opcionalmente 1, 2 \u00f3 3 paneles laterales acristalados (lado de la puerta siempre acristalado), versi\u00f3n en LSG-SI de 12,76 mm,<\/li>\n<li>Iluminaci\u00f3n regulable disponible opcionalmente en dos versiones:\n<ul>\n<li>\u201eMeeting\u201c: con dos paneles LED colocados en el centro para la iluminaci\u00f3n ideal de una mesa de reuniones, opcionalmente tambi\u00e9n disponible en versi\u00f3n HCL (HCL = Human Centric Lightning, permite un cambio de temperatura de color que se modela a partir de la luz solar a lo largo del d\u00eda)<\/li>\n<li>\u201eTaller\u201c: dependiendo del tama\u00f1o de la habitaci\u00f3n, cuatro o seis luces LED regulables distribuidas uniformemente por la habitaci\u00f3n, lo que permite una iluminaci\u00f3n m\u00e1s uniforme (ideal para una utilizaci\u00f3n flexible de la habitaci\u00f3n con muebles m\u00f3viles).<\/li>\n<\/ul>\n<\/li>\n<li>Opcional: Paneles en paredes interiores y exteriores con dise\u00f1o de pizarra blanca<\/li>\n<li>Puerta con apertura hacia el interior, accesible para sillas de ruedas (sin umbral)<\/li>\n<li>Puerta con caja de cerradura con cilindro ficticio - permite el reequipamiento de sistemas de cierre personalizados<\/li>\n<\/ul>\n<\/div><\/div>\n<div class=\"su-spoiler su-spoiler-style-default su-spoiler-icon-plus su-spoiler-closed\" data-scroll-offset=\"0\" data-anchor-in-url=\"no\"><div class=\"su-spoiler-title\" tabindex=\"0\" role=\"button\"><span class=\"su-spoiler-icon\"><\/span><strong>Dimensiones y peso:<\/strong><\/div><div class=\"su-spoiler-content su-u-clearfix su-u-trim\">\n<p>Hay disponibles tres tama\u00f1os diferentes (los pesos son valores aproximados; el peso exacto depende del n\u00famero de paredes de cristal configuradas individualmente):<\/p>\n<ul>\n<li><strong>Cubo max S:<\/strong> Superficie base de 3\u00d73 metros - peso aprox. 950 kg<\/li>\n<li><strong>Cubo m\u00e1ximo M:<\/strong> Superficie base de 3\u00d74 o 4\u00d73 metros - Peso aprox. 1.150 kg<\/li>\n<li><strong>Cubo m\u00e1x. L:<\/strong> Superficie base de 4\u00d74 metros - peso aprox. 1.300 kg<\/li>\n<\/ul>\n<\/div><\/div>\n<div class=\"su-spoiler su-spoiler-style-default su-spoiler-icon-plus su-spoiler-closed\" data-scroll-offset=\"0\" data-anchor-in-url=\"no\"><div class=\"su-spoiler-title\" tabindex=\"0\" role=\"button\"><span class=\"su-spoiler-icon\"><\/span><strong>Datos ac\u00fasticos y ventilaci\u00f3n:<\/strong><\/div><div class=\"su-spoiler-content su-u-clearfix su-u-trim\">\n<ul>\n<li>29 dB(A) Reducci\u00f3n del nivel sonoro seg\u00fan DIN EN ISO 11957 (2010)<\/li>\n<li>Ventilaci\u00f3n totalmente autom\u00e1tica con dos potentes ventiladores (con una potencia nominal combinada de 2.708 m\u00b3\/h). En funci\u00f3n del tama\u00f1o de la sala de conferencias, garantizan un intercambio de aire completo en 1,33 a 2,45 minutos.<\/li>\n<\/ul>\n<\/div><\/div>\n<\/div>","protected":false},"excerpt":{"rendered":"<p>Los cubos ac\u00fasticos de Sedus no s\u00f3lo est\u00e1n disponibles en las versiones caja telef\u00f3nica y caja de reuni\u00f3n, sino tambi\u00e9n en tama\u00f1o sala de conferencias con el a\u00f1adido \u201emax\u201c. Se puede elegir entre tres tama\u00f1os diferentes:<\/p>\n<ul>\n<li><strong>Cubo max S:<\/strong> Superficie de base de 3\u00d73 metros<\/li>\n<li><strong>Cubo m\u00e1ximo M:<\/strong> Superficie base de 3\u00d74 o 4\u00d73 metros<\/li>\n<li><strong>Cubo m\u00e1x. L:<\/strong> Superficie base de 4\u00d74 metros<\/li>\n<\/ul>\n<p>Todas las salas de conferencias de la serie Cube Max pueden configurarse con una, dos o tres paredes de cristal. La cuarta pared oculta la tecnolog\u00eda, es decir, elementos como conexiones el\u00e9ctricas, ventilaci\u00f3n, soportes para monitores, etc.<\/p>\n<p>Dependiendo del tama\u00f1o, para el mobiliario interior hay disponibles mesas de conferencia para sentarse o levantarse (no incluidas).<\/p>","protected":false},"featured_media":3162,"comment_status":"open","ping_status":"closed","template":"","meta":{"content-type":"","_uag_custom_page_level_css":""},"product_brand":[],"product_cat":[238,66],"product_tag":[],"class_list":{"0":"post-3161","1":"product","2":"type-product","3":"status-publish","4":"has-post-thumbnail","6":"product_cat-konferenzraeume","7":"product_cat-raum-in-raum-system","8":"pa_anzahl-personen-4-personen","9":"pa_anzahl-personen-6-personen","10":"pa_anzahl-personen-8-personen","11":"pa_belueftungssteuerung-individuell-steuerbar","12":"pa_belueftungssteuerung-vollautomatisch","13":"pa_breite-300-m","14":"pa_breite-400-m","15":"pa_buchungstool-display-goconut-ready","16":"pa_einsatz-szenarien-buero","17":"pa_einsatz-szenarien-logistik","18":"pa_einsatz-szenarien-produktion","19":"pa_einsatz-szenarien-schule-universitaet","20":"pa_farbe-konfigurierbar","21":"pa_farbe-schwarz","22":"pa_farbe-weiss","23":"pa_flex-miete-verfuegbar-auf-anfrage","24":"pa_gewicht-1-150-kg","25":"pa_gewicht-1-300-kg","26":"pa_gewicht-950-kg","27":"pa_hoehe-240-m","28":"pa_lan-kein-lan-anschluss","29":"pa_lan-lan-anschluss-als-sonderausstattung","30":"pa_lieferzeit-8-bis-12-wochen-lieferzeit","31":"pa_luftaustausch-2-708-m-h-nominell","32":"pa_luftaustausch-743-m-h-systemluftstrom","33":"pa_marke-sedus","34":"pa_mobilitaet-keine","35":"pa_monitorhalterung-monitorhalterung-als-sonderausstattung","36":"pa_monitorhalterung-ohne-monitorhalterung","37":"pa_preissegment-drei","38":"pa_schalldaemmung-drei-sterne","39":"pa_sitzen-oder-stehen-im-sitzen-hoch-mit-hocker","40":"pa_sitzen-oder-stehen-im-sitzen-niedrig-mit-stuhl-oder-bank","41":"pa_sitzen-oder-stehen-im-stehen","42":"pa_spezial-features-led-leuchtstreifen-on-air-signal","43":"pa_spezial-features-white-board-option","44":"pa_tiefe-300-m","45":"pa_tiefe-400-m","46":"pa_verfuegbare-tisch-optionen-fixe-tischhoehe-sitzen","47":"pa_verfuegbare-tisch-optionen-fixe-tischhoehe-stehen","48":"pa_verfuegbare-tisch-optionen-ohne-tisch","49":"pa_verfuegbare-tisch-optionen-variable-tischhoehe-elektrisch-verstellbar","50":"pa_verwendung-konzentriertes-arbeiten","51":"pa_verwendung-meeting","52":"pa_verwendung-zusammenarbeiten","54":"first","55":"instock","56":"taxable","57":"shipping-taxable","58":"purchasable","59":"product-type-simple"},"uagb_featured_image_src":{"full":["https:\/\/99cubes.de\/wp-content\/uploads\/2024\/11\/99cubes-Raum-in-Raum-sedus-se-cube-max-ambiente-7-quad.jpg",1203,1200,false],"thumbnail":["https:\/\/99cubes.de\/wp-content\/uploads\/2024\/11\/99cubes-Raum-in-Raum-sedus-se-cube-max-ambiente-7-quad-200x200.jpg",200,200,true],"medium":["https:\/\/99cubes.de\/wp-content\/uploads\/2024\/11\/99cubes-Raum-in-Raum-sedus-se-cube-max-ambiente-7-quad-450x450.jpg",450,450,true],"medium_large":["https:\/\/99cubes.de\/wp-content\/uploads\/2024\/11\/99cubes-Raum-in-Raum-sedus-se-cube-max-ambiente-7-quad-768x766.jpg",768,766,true],"large":["https:\/\/99cubes.de\/wp-content\/uploads\/2024\/11\/99cubes-Raum-in-Raum-sedus-se-cube-max-ambiente-7-quad-1200x1197.jpg",1140,1137,true],"1536x1536":["https:\/\/99cubes.de\/wp-content\/uploads\/2024\/11\/99cubes-Raum-in-Raum-sedus-se-cube-max-ambiente-7-quad-1536x1532.jpg",1203,1200,true],"2048x2048":["https:\/\/99cubes.de\/wp-content\/uploads\/2024\/11\/99cubes-Raum-in-Raum-sedus-se-cube-max-ambiente-7-quad-2048x2042.jpg",1204,1200,true],"trp-custom-language-flag":["https:\/\/99cubes.de\/wp-content\/uploads\/2024\/11\/99cubes-Raum-in-Raum-sedus-se-cube-max-ambiente-7-quad-12x12.jpg",12,12,true],"botiga-extra-large":["https:\/\/99cubes.de\/wp-content\/uploads\/2024\/11\/99cubes-Raum-in-Raum-sedus-se-cube-max-ambiente-7-quad-1140x1137.jpg",1140,1137,true],"botiga-large":["https:\/\/99cubes.de\/wp-content\/uploads\/2024\/11\/99cubes-Raum-in-Raum-sedus-se-cube-max-ambiente-7-quad-920x917.jpg",920,917,true],"botiga-big":["https:\/\/99cubes.de\/wp-content\/uploads\/2024\/11\/99cubes-Raum-in-Raum-sedus-se-cube-max-ambiente-7-quad-575x573.jpg",575,573,true],"botiga-medium":["https:\/\/99cubes.de\/wp-content\/uploads\/2024\/11\/99cubes-Raum-in-Raum-sedus-se-cube-max-ambiente-7-quad-380x379.jpg",380,379,true],"botiga-header-icons":["https:\/\/99cubes.de\/wp-content\/uploads\/2024\/11\/99cubes-Raum-in-Raum-sedus-se-cube-max-ambiente-7-quad-50x50.jpg",50,50,true],"botiga-product-swatch-image":["https:\/\/99cubes.de\/wp-content\/uploads\/2024\/11\/99cubes-Raum-in-Raum-sedus-se-cube-max-ambiente-7-quad-26x26.jpg",26,26,true],"woocommerce_thumbnail":["https:\/\/99cubes.de\/wp-content\/uploads\/2024\/11\/99cubes-Raum-in-Raum-sedus-se-cube-max-ambiente-7-quad-420x420.jpg",420,420,true],"woocommerce_single":["https:\/\/99cubes.de\/wp-content\/uploads\/2024\/11\/99cubes-Raum-in-Raum-sedus-se-cube-max-ambiente-7-quad-800x798.jpg",800,798,true],"woocommerce_gallery_thumbnail":["https:\/\/99cubes.de\/wp-content\/uploads\/2024\/11\/99cubes-Raum-in-Raum-sedus-se-cube-max-ambiente-7-quad-100x100.jpg",100,100,true],"wpvr_mobile":["https:\/\/99cubes.de\/wp-content\/uploads\/2024\/11\/99cubes-Raum-in-Raum-sedus-se-cube-max-ambiente-7-quad-2054x2048.jpg",1204,1200,true]},"uagb_author_info":{"display_name":"frank","author_link":"https:\/\/99cubes.de\/es\/author\/"},"uagb_comment_info":0,"uagb_excerpt":"Die Akustik-Cubes von Sedus gibt es nicht nur in den Telefonboxen- und Meetingboxen-Variante sondern mit dem Zusatz \"max\" auch in Konferenzraum-Gr\u00f6\u00dfe. Drei verschiedene Gr\u00f6\u00dfen stehen zur Auswahl: Cube max S: 3x3 Meter Grundfl\u00e4che Cube max M: 3x4 oder 4x3 Meter Grundfl\u00e4che Cube max L: 4x4 Meter Grundfl\u00e4che Alle Konferenzr\u00e4ume der Cube-Max-Serie k\u00f6nnen wahlweise mit einer,&hellip;","_links":{"self":[{"href":"https:\/\/99cubes.de\/es\/wp-json\/wp\/v2\/product\/3161","targetHints":{"allow":["GET"]}}],"collection":[{"href":"https:\/\/99cubes.de\/es\/wp-json\/wp\/v2\/product"}],"about":[{"href":"https:\/\/99cubes.de\/es\/wp-json\/wp\/v2\/types\/product"}],"replies":[{"embeddable":true,"href":"https:\/\/99cubes.de\/es\/wp-json\/wp\/v2\/comments?post=3161"}],"wp:featuredmedia":[{"embeddable":true,"href":"https:\/\/99cubes.de\/es\/wp-json\/wp\/v2\/media\/3162"}],"wp:attachment":[{"href":"https:\/\/99cubes.de\/es\/wp-json\/wp\/v2\/media?parent=3161"}],"wp:term":[{"taxonomy":"product_brand","embeddable":true,"href":"https:\/\/99cubes.de\/es\/wp-json\/wp\/v2\/product_brand?post=3161"},{"taxonomy":"product_cat","embeddable":true,"href":"https:\/\/99cubes.de\/es\/wp-json\/wp\/v2\/product_cat?post=3161"},{"taxonomy":"product_tag","embeddable":true,"href":"https:\/\/99cubes.de\/es\/wp-json\/wp\/v2\/product_tag?post=3161"}],"curies":[{"name":"wp","href":"https:\/\/api.w.org\/{rel}","templated":true}]}}

<div class="su-accordion su-u-trim">
<div class="su-spoiler su-spoiler-style-default su-spoiler-icon-plus" data-scroll-offset="0" data-anchor-in-url="no"><div class="su-spoiler-title" tabindex="0" role="button"><span class="su-spoiler-icon"></span><strong>Acerca de la serie se:cube de Sedus</strong></div><div class="su-spoiler-content su-u-clearfix su-u-trim">
<p>Sedus es uno de los fabricantes de mobiliario de oficina con más renombre y éxito de Alemania. Con se:cube, Sedus ha lanzado al mercado una innovadora serie de cabinas telefónicas y de reuniones que ha entusiasmado a numerosos clientes. La denominación adicional „max“ corresponde a cubos del tamaño de una sala de conferencias que se colocan en el suelo existente del edificio (sin suelo independiente). El diseño de los cubos de Sedus se caracteriza por una forma sencilla y directa, interrumpida por esquinas suavemente redondeadas. De este modo, los modelos se:cube se integran perfectamente en los más diversos entornos de oficina. Una característica especial de la gama es la tira LED opcional que rodea toda la superficie. Sirve como señal visual de ocupación y se ilumina en cuanto se utiliza la caja.</p>
<p>Otras características especiales de la serie se:cube son</p>
<ul>
<li>Seguridad certificada por TÜV („GS“) para <a href="https://99cubes.de/es/productos/fokus-box-cube-s-sedus-2/">Cubo S</a>, <a href="https://99cubes.de/es/productos/caja-de-reuniones-cube-m-sedus-2/">Cubo M</a> y <a href="https://99cubes.de/es/productos/caja-de-reuniones-cube-l-sedus/">Cubo L</a>.</li>
<li>Control inteligente de la iluminación y la ventilación con tecnología de triple sensor: sensor de movimiento, sensor de temperatura y sensor de CO² opcional</li>
<li>Opcional con elemento de mando para el control manual de la ventilación, la luminosidad y la temperatura de color de los LED.</li>
</ul>
<p>El aspecto y el diseño cromático de los Sedus Cubes pueden adaptarse individualmente:</p>
<ul>
<li>Acabado de pintura exterior en 10 colores diferentes (estándar: blanco, otros colores disponibles con coste adicional)</li>
<li>Las paredes exteriores pueden acabarse con un revestimiento de pizarra blanca: un Cube también puede utilizarse con sentido desde el exterior, especialmente en entornos de oficina de planta abierta.</li>
<li>Puerta opcionalmente abatible a izquierda o derecha</li>
</ul>
</div></div>
<div class="su-spoiler su-spoiler-style-default su-spoiler-icon-plus su-spoiler-closed" data-scroll-offset="0" data-anchor-in-url="no"><div class="su-spoiler-title" tabindex="0" role="button"><span class="su-spoiler-icon"></span><strong>Equipamiento:</strong></div><div class="su-spoiler-content su-u-clearfix su-u-trim">
<ul>
<li>Paneles de fieltro PET en el techo para una acústica agradable de la sala</li>
<li>Opcionalmente 1, 2 ó 3 paneles laterales acristalados (lado de la puerta siempre acristalado), versión en LSG-SI de 12,76 mm,</li>
<li>Iluminación regulable disponible opcionalmente en dos versiones:
<ul>
<li>„Meeting“: con dos paneles LED colocados en el centro para la iluminación ideal de una mesa de reuniones, opcionalmente también disponible en versión HCL (HCL = Human Centric Lightning, permite un cambio de temperatura de color que se modela a partir de la luz solar a lo largo del día)</li>
<li>„Taller“: dependiendo del tamaño de la habitación, cuatro o seis luces LED regulables distribuidas uniformemente por la habitación, lo que permite una iluminación más uniforme (ideal para una utilización flexible de la habitación con muebles móviles).</li>
</ul>
</li>
<li>Opcional: Paneles en paredes interiores y exteriores con diseño de pizarra blanca</li>
<li>Puerta con apertura hacia el interior, accesible para sillas de ruedas (sin umbral)</li>
<li>Puerta con caja de cerradura con cilindro ficticio - permite el reequipamiento de sistemas de cierre personalizados</li>
</ul>
</div></div>
<div class="su-spoiler su-spoiler-style-default su-spoiler-icon-plus su-spoiler-closed" data-scroll-offset="0" data-anchor-in-url="no"><div class="su-spoiler-title" tabindex="0" role="button"><span class="su-spoiler-icon"></span><strong>Dimensiones y peso:</strong></div><div class="su-spoiler-content su-u-clearfix su-u-trim">
<p>Hay disponibles tres tamaños diferentes (los pesos son valores aproximados; el peso exacto depende del número de paredes de cristal configuradas individualmente):</p>
<ul>
<li><strong>Cubo max S:</strong> Superficie base de 3×3 metros - peso aprox. 950 kg</li>
<li><strong>Cubo máximo M:</strong> Superficie base de 3×4 o 4×3 metros - Peso aprox. 1.150 kg</li>
<li><strong>Cubo máx. L:</strong> Superficie base de 4×4 metros - peso aprox. 1.300 kg</li>
</ul>
</div></div>
<div class="su-spoiler su-spoiler-style-default su-spoiler-icon-plus su-spoiler-closed" data-scroll-offset="0" data-anchor-in-url="no"><div class="su-spoiler-title" tabindex="0" role="button"><span class="su-spoiler-icon"></span><strong>Datos acústicos y ventilación:</strong></div><div class="su-spoiler-content su-u-clearfix su-u-trim">
<ul>
<li>29 dB(A) Reducción del nivel sonoro según DIN EN ISO 11957 (2010)</li>
<li>Ventilación totalmente automática con dos potentes ventiladores (con una potencia nominal combinada de 2.708 m³/h). En función del tamaño de la sala de conferencias, garantizan un intercambio de aire completo en 1,33 a 2,45 minutos.</li>
</ul>
</div></div>
</div>

<p>Los cubos acústicos de Sedus no sólo están disponibles en las versiones caja telefónica y caja de reunión, sino también en tamaño sala de conferencias con el añadido „max“. Se puede elegir entre tres tamaños diferentes:</p>
<ul>
<li><strong>Cubo max S:</strong> Superficie de base de 3×3 metros</li>
<li><strong>Cubo máximo M:</strong> Superficie base de 3×4 o 4×3 metros</li>
<li><strong>Cubo máx. L:</strong> Superficie base de 4×4 metros</li>
</ul>
<p>Todas las salas de conferencias de la serie Cube Max pueden configurarse con una, dos o tres paredes de cristal. La cuarta pared oculta la tecnología, es decir, elementos como conexiones eléctricas, ventilación, soportes para monitores, etc.</p>
<p>Dependiendo del tamaño, para el mobiliario interior hay disponibles mesas de conferencia para sentarse o levantarse (no incluidas).</p>

Die Akustik-Cubes von Sedus gibt es nicht nur in den Telefonboxen- und Meetingboxen-Variante sondern mit dem Zusatz "max" auch in Konferenzraum-Größe. Drei verschiedene Größen stehen zur Auswahl: Cube max S: 3x3 Meter Grundfläche Cube max M: 3x4 oder 4x3 Meter Grundfläche Cube max L: 4x4 Meter Grundfläche Alle Konferenzräume der Cube-Max-Serie können wahlweise mit einer,&hellip;
