{"id":3385,"date":"2024-12-18T11:38:51","date_gmt":"2024-12-18T10:38:51","guid":{"rendered":"https:\/\/99cubes.de\/?post_type=product&#038;p=3385"},"modified":"2025-07-10T11:07:34","modified_gmt":"2025-07-10T09:07:34","slug":"mute-modular-pod-work-15x1-cerrado-1-persona","status":"publish","type":"product","link":"https:\/\/99cubes.de\/es\/produkt\/mute-modular-pod-work-15x1-geschlossen-1-person\/","title":{"rendered":"MUTE Modular Pod | Trabajo 1.5\u00d71 | Cerrado | 1 persona"},"content":{"rendered":"<p>Con MUTE Modular Pods se pueden realizar diferentes variantes de boxes de trabajo en la ret\u00edcula de 1,5 x 1 - en funci\u00f3n de la construcci\u00f3n de pared elegida, el aislamiento ac\u00fastico var\u00eda entre la Clase B y la Clase A seg\u00fan la norma ISO 23351-1 (v\u00e9ase tambi\u00e9n <a href=\"https:\/\/99cubes.de\/es\/aislamiento-acustico\/\">Aislamiento ac\u00fastico<\/a>).<\/p>\n<p>Son posibles las siguientes variantes del modelo:<\/p>\n<ul>\n<li>Frontal y trasera acristalada | frontal totalmente acristalada | puerta s\u00f3lo acristalada<\/li>\n<li>escritorio bajo | escritorio alto<\/li>\n<li>con sof\u00e1 | con silla giratoria<\/li>\n<li>con soporte para monitor<\/li>\n<\/ul>\n<p>Estaremos encantados de asesorarle sobre las m\u00faltiples posibilidades de MUTE Modular.<\/p>\n<p><strong>M\u00e1s recursos sobre MUTE Modular:<\/strong><\/p>\n<ul>\n<li><a href=\"https:\/\/99cubes.de\/es\/sala-en-sala-sistema-mute-modular\/\">Resumen de la serie de productos MUTE Modular<\/a><\/li>\n<li><a href=\"https:\/\/99cubes.de\/es\/sala-en-sala-sistema-mute-modular\/#erkunden\">Sala de exposici\u00f3n virtual de MUTE Modular<\/a><\/li>\n<li><a href=\"https:\/\/99cubes.de\/es\/sala-en-sala-sistema-mute-modular\/#bookofrooms\">Descargar el folleto \u201eLibro de Habitaciones\u201c<\/a><\/li>\n<li><a href=\"https:\/\/99cubes.de\/es\/sala-en-sala-sistema-mute-modular\/#farbwelt\">Los siete mundos crom\u00e1ticos de MUTE Modular<\/a><\/li>\n<li><a href=\"https:\/\/99cubes.de\/es\/sala-en-sala-sistema-mute-modular\/#preisrechner\">MUTE Modular calculadora de precios<\/a><\/li>\n<\/ul>","protected":false},"excerpt":{"rendered":"[mute_modular_pods_text]\n<p>&nbsp;<\/p>\n","protected":false},"featured_media":3948,"comment_status":"open","ping_status":"closed","template":"","meta":{"content-type":"","_uag_custom_page_level_css":""},"product_brand":[],"product_cat":[180,66],"product_tag":[],"class_list":{"0":"post-3385","1":"product","2":"type-product","3":"status-publish","4":"has-post-thumbnail","6":"product_cat-arbeitsbox","7":"product_cat-raum-in-raum-system","8":"pa_anzahl-personen-1-person","9":"pa_belueftungssteuerung-individuell-steuerbar","10":"pa_belueftungssteuerung-vollautomatisch","11":"pa_breite-1655-m","12":"pa_buchungstool-display-goconut-ready","13":"pa_einsatz-szenarien-buero","14":"pa_einsatz-szenarien-hotel","15":"pa_einsatz-szenarien-schule-universitaet","16":"pa_farbe-konfigurierbar","17":"pa_flex-miete-verfuegbar-auf-anfrage","18":"pa_gewicht-400-kg","19":"pa_hoehe-238-m","20":"pa_lan-kein-lan-anschluss","21":"pa_lan-lan-anschluss-als-sonderausstattung","22":"pa_lieferzeit-8-bis-12-wochen-lieferzeit","23":"pa_luftaustausch-1825-m3-h-nominell","24":"pa_marke-mute","25":"pa_mobilitaet-keine","26":"pa_monitorhalterung-monitorhalterung-als-sonderausstattung","27":"pa_monitorhalterung-ohne-monitorhalterung","28":"pa_preissegment-vier","29":"pa_schalldaemmung-vier-sterne","30":"pa_schalldaemmung-drei-sterne","31":"pa_sitzen-oder-stehen-im-sitzen-hoch-mit-hocker","32":"pa_sitzen-oder-stehen-im-sitzen-niedrig-mit-stuhl-oder-bank","33":"pa_tiefe-115-m","34":"pa_verfuegbare-tisch-optionen-fixe-tischhoehe-sitzen","35":"pa_verfuegbare-tisch-optionen-fixe-tischhoehe-stehen","36":"pa_verwendung-konzentriertes-arbeiten","37":"pa_verwendung-telefonieren","38":"pa_verwendung-video-call","40":"first","41":"instock","42":"taxable","43":"shipping-taxable","44":"purchasable","45":"product-type-simple"},"uagb_featured_image_src":{"full":["https:\/\/99cubes.de\/wp-content\/uploads\/2024\/12\/Arbeitsbox-MUTE-Modular-Pod-Work-15x1-3.png",2133,1200,false],"thumbnail":["https:\/\/99cubes.de\/wp-content\/uploads\/2024\/12\/Arbeitsbox-MUTE-Modular-Pod-Work-15x1-3-200x200.png",200,200,true],"medium":["https:\/\/99cubes.de\/wp-content\/uploads\/2024\/12\/Arbeitsbox-MUTE-Modular-Pod-Work-15x1-3-450x253.png",450,253,true],"medium_large":["https:\/\/99cubes.de\/wp-content\/uploads\/2024\/12\/Arbeitsbox-MUTE-Modular-Pod-Work-15x1-3-768x432.png",768,432,true],"large":["https:\/\/99cubes.de\/wp-content\/uploads\/2024\/12\/Arbeitsbox-MUTE-Modular-Pod-Work-15x1-3-1200x675.png",1140,641,true],"1536x1536":["https:\/\/99cubes.de\/wp-content\/uploads\/2024\/12\/Arbeitsbox-MUTE-Modular-Pod-Work-15x1-3-1536x864.png",1536,864,true],"2048x2048":["https:\/\/99cubes.de\/wp-content\/uploads\/2024\/12\/Arbeitsbox-MUTE-Modular-Pod-Work-15x1-3-2048x1152.png",2048,1152,true],"trp-custom-language-flag":["https:\/\/99cubes.de\/wp-content\/uploads\/2024\/12\/Arbeitsbox-MUTE-Modular-Pod-Work-15x1-3-18x10.png",18,10,true],"botiga-extra-large":["https:\/\/99cubes.de\/wp-content\/uploads\/2024\/12\/Arbeitsbox-MUTE-Modular-Pod-Work-15x1-3-1140x641.png",1140,641,true],"botiga-large":["https:\/\/99cubes.de\/wp-content\/uploads\/2024\/12\/Arbeitsbox-MUTE-Modular-Pod-Work-15x1-3-920x518.png",920,518,true],"botiga-big":["https:\/\/99cubes.de\/wp-content\/uploads\/2024\/12\/Arbeitsbox-MUTE-Modular-Pod-Work-15x1-3-575x323.png",575,323,true],"botiga-medium":["https:\/\/99cubes.de\/wp-content\/uploads\/2024\/12\/Arbeitsbox-MUTE-Modular-Pod-Work-15x1-3-380x214.png",380,214,true],"botiga-header-icons":["https:\/\/99cubes.de\/wp-content\/uploads\/2024\/12\/Arbeitsbox-MUTE-Modular-Pod-Work-15x1-3-50x50.png",50,50,true],"botiga-product-swatch-image":["https:\/\/99cubes.de\/wp-content\/uploads\/2024\/12\/Arbeitsbox-MUTE-Modular-Pod-Work-15x1-3-26x26.png",26,26,true],"woocommerce_thumbnail":["https:\/\/99cubes.de\/wp-content\/uploads\/2024\/12\/Arbeitsbox-MUTE-Modular-Pod-Work-15x1-3-420x420.png",420,420,true],"woocommerce_single":["https:\/\/99cubes.de\/wp-content\/uploads\/2024\/12\/Arbeitsbox-MUTE-Modular-Pod-Work-15x1-3-800x450.png",800,450,true],"woocommerce_gallery_thumbnail":["https:\/\/99cubes.de\/wp-content\/uploads\/2024\/12\/Arbeitsbox-MUTE-Modular-Pod-Work-15x1-3-100x100.png",100,100,true],"wpvr_mobile":["https:\/\/99cubes.de\/wp-content\/uploads\/2024\/12\/Arbeitsbox-MUTE-Modular-Pod-Work-15x1-3-3641x2048.png",2133,1200,true]},"uagb_author_info":{"display_name":"frank","author_link":"https:\/\/99cubes.de\/es\/author\/"},"uagb_comment_info":0,"uagb_excerpt":"[mute_modular_pods_text] &nbsp;","_links":{"self":[{"href":"https:\/\/99cubes.de\/es\/wp-json\/wp\/v2\/product\/3385","targetHints":{"allow":["GET"]}}],"collection":[{"href":"https:\/\/99cubes.de\/es\/wp-json\/wp\/v2\/product"}],"about":[{"href":"https:\/\/99cubes.de\/es\/wp-json\/wp\/v2\/types\/product"}],"replies":[{"embeddable":true,"href":"https:\/\/99cubes.de\/es\/wp-json\/wp\/v2\/comments?post=3385"}],"wp:featuredmedia":[{"embeddable":true,"href":"https:\/\/99cubes.de\/es\/wp-json\/wp\/v2\/media\/3948"}],"wp:attachment":[{"href":"https:\/\/99cubes.de\/es\/wp-json\/wp\/v2\/media?parent=3385"}],"wp:term":[{"taxonomy":"product_brand","embeddable":true,"href":"https:\/\/99cubes.de\/es\/wp-json\/wp\/v2\/product_brand?post=3385"},{"taxonomy":"product_cat","embeddable":true,"href":"https:\/\/99cubes.de\/es\/wp-json\/wp\/v2\/product_cat?post=3385"},{"taxonomy":"product_tag","embeddable":true,"href":"https:\/\/99cubes.de\/es\/wp-json\/wp\/v2\/product_tag?post=3385"}],"curies":[{"name":"wp","href":"https:\/\/api.w.org\/{rel}","templated":true}]}}

<p>Con MUTE Modular Pods se pueden realizar diferentes variantes de boxes de trabajo en la retícula de 1,5 x 1 - en función de la construcción de pared elegida, el aislamiento acústico varía entre la Clase B y la Clase A según la norma ISO 23351-1 (véase también <a href="https://99cubes.de/es/aislamiento-acustico/">Aislamiento acústico</a>).</p>
<p>Son posibles las siguientes variantes del modelo:</p>
<ul>
<li>Frontal y trasera acristalada | frontal totalmente acristalada | puerta sólo acristalada</li>
<li>escritorio bajo | escritorio alto</li>
<li>con sofá | con silla giratoria</li>
<li>con soporte para monitor</li>
</ul>
<p>Estaremos encantados de asesorarle sobre las múltiples posibilidades de MUTE Modular.</p>
<p><strong>Más recursos sobre MUTE Modular:</strong></p>
<ul>
<li><a href="https://99cubes.de/es/sala-en-sala-sistema-mute-modular/">Resumen de la serie de productos MUTE Modular</a></li>
<li><a href="https://99cubes.de/es/sala-en-sala-sistema-mute-modular/#erkunden">Sala de exposición virtual de MUTE Modular</a></li>
<li><a href="https://99cubes.de/es/sala-en-sala-sistema-mute-modular/#bookofrooms">Descargar el folleto „Libro de Habitaciones“</a></li>
<li><a href="https://99cubes.de/es/sala-en-sala-sistema-mute-modular/#farbwelt">Los siete mundos cromáticos de MUTE Modular</a></li>
<li><a href="https://99cubes.de/es/sala-en-sala-sistema-mute-modular/#preisrechner">MUTE Modular calculadora de precios</a></li>
</ul>
