{"id":4612,"date":"2026-03-08T17:09:41","date_gmt":"2026-03-08T16:09:41","guid":{"rendered":"https:\/\/99cubes.de\/?page_id=4612"},"modified":"2026-03-10T11:14:19","modified_gmt":"2026-03-10T10:14:19","slug":"onze-inzet-voor-duurzaamheid","status":"publish","type":"page","link":"https:\/\/99cubes.de\/nl\/unser-engagement-fuer-nachhaltigkeit\/","title":{"rendered":"Onze inzet voor duurzaamheid"},"content":{"rendered":"<p>Duurzaam management maakt deel uit van het DNA van ons bedrijf. Dit is ook te danken aan de persoonlijke houding van de oprichters en de opzet van het bedrijfsmodel, dat in wezen is gebaseerd op een circulaire economie.<\/p>\n\n\n\n<p>Om ervoor te zorgen dat \u201eonze inzet voor duurzaamheid\u201c niet alleen mooi klinkt, maar ook begrijpelijk is voor buitenstaanders, hebben we besloten om het meetbaar te maken en onze voortgang hier elk jaar te publiceren.<\/p>\n\n\n\n<p class=\"has-text-align-right\">Status: 09.03.2026<\/p>\n\n\n<div id=\"ez-toc-container\" class=\"ez-toc-v2_0_82_2 ez-toc-wrap-left counter-hierarchy ez-toc-counter ez-toc-grey ez-toc-container-direction\">\n<div class=\"ez-toc-title-container\">\n<p class=\"ez-toc-title\" style=\"cursor:inherit\">Inhoud<\/p>\n<span class=\"ez-toc-title-toggle\"><\/span><\/div>\n<nav><ul class='ez-toc-list ez-toc-list-level-1' ><li class='ez-toc-page-1 ez-toc-heading-level-3'><a class=\"ez-toc-link ez-toc-heading-1\" href=\"https:\/\/99cubes.de\/nl\/unser-engagement-fuer-nachhaltigkeit\/#Nachhaltigkeit_in_der_Produktion\" >Duurzaamheid in productie<\/a><\/li><li class='ez-toc-page-1 ez-toc-heading-level-3'><a class=\"ez-toc-link ez-toc-heading-2\" href=\"https:\/\/99cubes.de\/nl\/unser-engagement-fuer-nachhaltigkeit\/#Nachhaltigkeit_des_Geschaftsmodels\" >Duurzaamheid van het bedrijfsmodel<\/a><\/li><li class='ez-toc-page-1 ez-toc-heading-level-3'><a class=\"ez-toc-link ez-toc-heading-3\" href=\"https:\/\/99cubes.de\/nl\/unser-engagement-fuer-nachhaltigkeit\/#Jahrliche_Aktualisierung\" >Jaarlijkse update<\/a><\/li><\/ul><\/nav><\/div>\n\n\n\n\n<h3 class=\"wp-block-heading\"><span class=\"ez-toc-section\" id=\"Nachhaltigkeit_in_der_Produktion\"><\/span>Duurzaamheid in productie<span class=\"ez-toc-section-end\"><\/span><\/h3>\n\n\n\n<p>Als detailhandelaar zonder eigen productiecapaciteit kunnen we alleen indirect invloed uitoefenen op duurzame productie, maar dat doen we door bij de keuze van onze leveranciers aandacht te besteden aan duurzaamheid en in het bijzonder aan klimaatbescherming. Vanaf 12\/2025 produceren twee van onze leveranciers hun telefoon- en vergaderdozen nu klimaatneutraal. Hierdoor is 26% van ons inkoopvolume in het boekjaar 2025 al afkomstig van klimaatneutrale productie. <\/p>\n\n\n\n<figure class=\"wp-block-table is-style-regular\"><table class=\"has-color-4-background-color has-background has-fixed-layout\"><thead><tr><th class=\"has-text-align-left\" data-align=\"left\">Duurzaamheid in inkoop:<\/th><th class=\"has-text-align-center\" data-align=\"center\">2024<\/th><th class=\"has-text-align-center\" data-align=\"center\">2025<\/th><th class=\"has-text-align-center\" data-align=\"center\">2026<\/th><\/tr><\/thead><tbody><tr><td class=\"has-text-align-left\" data-align=\"left\"><strong>klimaatneutrale productie<\/strong><br>Percentage telefoon- en vergaderdozen dat klimaatneutraal is geproduceerd (berekend als percentage van ons inkoopvolume van akoestische kubussen)<\/td><td class=\"has-text-align-center\" data-align=\"center\">4%<\/td><td class=\"has-text-align-center\" data-align=\"center\">32%<\/td><td class=\"has-text-align-center\" data-align=\"center\">Verdere toename gepland<\/td><\/tr><\/tbody><\/table><\/figure>\n\n\n\n<p>P.S.: Alle telefoon- en vergaderdozen van klimaatneutrale productie vind je onder deze link: <a href=\"https:\/\/99cubes.de\/nl\/duurzaamheid\/klimaatneutrale-productie\/\">https:\/\/99cubes.de\/nachhaltigkeit\/klimaneutral-hergestellt\/<\/a><\/p>\n\n\n\n<h3 class=\"wp-block-heading\"><span class=\"ez-toc-section\" id=\"Nachhaltigkeit_des_Geschaftsmodels\"><\/span>Duurzaamheid van het bedrijfsmodel<span class=\"ez-toc-section-end\"><\/span><\/h3>\n\n\n\n<p>Een belangrijk aandachtspunt van ons bedrijfsmodel is altijd de verhuur van onze producten geweest. Dit stelt ons in staat om hulpbronnen effici\u00ebnt te gebruiken en producten meerdere keren in te zetten. Op deze manier ontstaan er na verloop van tijd meerdere gebruikscycli van dezelfde telefoon- en vergaderdozen - een belangrijke bijdrage aan het verminderen van materiaalverbruik en afval. <\/p>\n\n\n\n<p>Naast ons assortiment gloednieuwe akoestische kubussen richten we ons daarom ook bewust op producten met een geschiedenis en remarketen we actief gebruikte kubussen. Aanvullende diensten zoals verhuizingen en reparaties zorgen er ook voor dat producten zo lang mogelijk in gebruik blijven. <\/p>\n\n\n\n<figure class=\"wp-block-table is-style-regular\"><table class=\"has-color-4-background-color has-background has-fixed-layout\"><thead><tr><th class=\"has-text-align-left\" data-align=\"left\">Duurzaamheid in verkoop:<\/th><th class=\"has-text-align-center\" data-align=\"center\">2024<\/th><th class=\"has-text-align-center\" data-align=\"center\">2025<\/th><th class=\"has-text-align-center\" data-align=\"center\">2026<\/th><\/tr><\/thead><tbody><tr><td class=\"has-text-align-left\" data-align=\"left\"><strong>Gebruikte producten<\/strong><br>Percentage telefoon- en vergaderdozen geleverd \u201emet vorige levensduur\u201c (aantal verkochte eenheden, berekend ten opzichte van nieuwe goederen)<\/td><td class=\"has-text-align-center\" data-align=\"center\">7%<\/td><td class=\"has-text-align-center\" data-align=\"center\">12%<\/td><td class=\"has-text-align-center\" data-align=\"center\">Verdere toename gepland<\/td><\/tr><\/tbody><\/table><\/figure>\n\n\n\n<p>Door onze verhuuractiviteiten kunnen we onvermijdelijk ook veel diensten aanbieden die niet per se nodig zouden zijn als we alleen nieuwe goederen zouden verkopen. Dit onderscheidt ons ook van veel van onze concurrenten. Als totaalleverancier van telefooncellen, vergadercellen en room-in-room systemen bieden we de volgende diensten aan, ongeacht of de producten bij ons zijn gekocht of elders zijn ingekocht:<\/p>\n\n\n\n<ul class=\"wp-block-list\">\n<li><strong><a href=\"https:\/\/99cubes.de\/nl\/product\/verhuisservice-telefooncel-vergaderdoos-alle-fabrikanten\/\" target=\"_blank\" data-type=\"product\" data-id=\"2240\" rel=\"noreferrer noopener\">Verhuisservice:<\/a><\/strong> Het klinkt in eerste instantie nogal vergezocht om een verhuisservice te koppelen aan duurzaamheid. Maar in het verleden hebben we bestaande en nieuwe klanten geholpen om hun oude kantoorruimte op het laatste moment veegschoon op te leveren. Waar normale verhuisbedrijven zich vaak niet wagen, zorgen onze professionele montageteams voor een professionele demontage en verwijdering van telefooncellen, vergaderboxen en room-in-room systemen met volledig waardebehoud na verwijdering en hermontage.<\/li>\n\n\n\n<li><strong><a href=\"https:\/\/99cubes.de\/nl\/product\/onderhoud-reparatie-en-reserveonderdelen-voor-telefooncellen-vergaderdozen-diverse-fabrikanten\/\" data-type=\"product\" data-id=\"4631\">Reparatieservice:<\/a><\/strong> Ons bedrijfsmodel betekent dat we onze producten zeer goed kennen en daarom in staat zijn om eventuele schade te beoordelen en een professionele reparatieservice aan te bieden. Momenteel betrekken we reserveonderdelen van de fabrikanten of - in het geval van ingekochte onderdelen - in sommige gevallen ook van externe leveranciers. Naarmate onze huurvloot veroudert, zullen we in de toekomst ook reserveonderdelen uit afgedankte akoestische kubussen gebruiken, die dan als reserveonderdelenmagazijn zullen dienen.<\/li>\n\n\n\n<li><strong>Terugkoopservice:<\/strong> Onze marktpositie in de verkoop van gebruikte akoestische kubussen via verhuur en tweedehandsverkoop stelt ons in staat om klanten en ge\u00efnteresseerden in veel gevallen een buy-back aanbod te doen. Onze buy-back service wordt gebruikt bij verhuizingen (wanneer akoestische kubussen niet langer nodig zijn in het nieuwe pand) of wanneer akoestische kubussen moeten worden vervangen of vernieuwd.<\/li>\n<\/ul>\n\n\n\n<p>Hoewel onze opkoopdienst direct is opgenomen in de hierboven vermelde metriek voor \u201egebruikte producten\u201c, zijn we er nog niet in geslaagd om een metriek te identificeren voor verwijderings- en reparatiediensten die we kunnen gebruiken om onze duurzaamheidsinspanningen op een zinvolle manier te meten. Het belangrijkste voor ons is dat we \u00fcberhaupt reparatie- en verwijderingsdiensten aanbieden. In het geval van de reparatieservice in het bijzonder hopen we natuurlijk dat deze zeer zelden zal worden gebruikt.  <\/p>\n\n\n\n<h3 class=\"wp-block-heading\"><span class=\"ez-toc-section\" id=\"Jahrliche_Aktualisierung\"><\/span>Jaarlijkse update<span class=\"ez-toc-section-end\"><\/span><\/h3>\n\n\n\n<p>Deze pagina zal \u00e9\u00e9n keer per jaar worden bijgewerkt zodra we de bovengenoemde statistieken hebben geregistreerd en geanalyseerd. We zullen onze methodologie ook geleidelijk uitbreiden.<\/p>\n\n\n\n<p class=\"has-small-font-size\"><strong>Afbeeldingsbronnen:<\/strong> Afbeelding koptekst: \u00a9 BOSSE Design Gesellschaft f\u00fcr innovative Office interiors mbH &amp; Co. KG Afbeelding voettekst: \u00a9 Silen O\u00dc<\/p>\n\n\n\n<div class=\"wp-block-uagb-container uagb-block-cd9d8fc7 alignfull uagb-is-root-container\"><\/div>","protected":false},"excerpt":{"rendered":"<p>Nachhaltiges Wirtschaften geh\u00f6rt zur DNA unseres Unternehmens. Dies liegt gleicherma\u00dfen an den pers\u00f6nlichen Einstellungen der Gr\u00fcnder wie an [&hellip;]<\/p>\n","protected":false},"author":1,"featured_media":4635,"parent":0,"menu_order":0,"comment_status":"closed","ping_status":"closed","template":"","meta":{"content-type":"","_uag_custom_page_level_css":"","footnotes":""},"class_list":["post-4612","page","type-page","status-publish","has-post-thumbnail","hentry"],"uagb_featured_image_src":{"full":["https:\/\/99cubes.de\/wp-content\/uploads\/2026\/03\/Nachhaltigkeit-Klimaneutral-hergestellte-Telefonboxen.jpg",1600,900,false],"thumbnail":["https:\/\/99cubes.de\/wp-content\/uploads\/2026\/03\/Nachhaltigkeit-Klimaneutral-hergestellte-Telefonboxen-200x200.jpg",200,200,true],"medium":["https:\/\/99cubes.de\/wp-content\/uploads\/2026\/03\/Nachhaltigkeit-Klimaneutral-hergestellte-Telefonboxen-450x253.jpg",450,253,true],"medium_large":["https:\/\/99cubes.de\/wp-content\/uploads\/2026\/03\/Nachhaltigkeit-Klimaneutral-hergestellte-Telefonboxen-768x432.jpg",768,432,true],"large":["https:\/\/99cubes.de\/wp-content\/uploads\/2026\/03\/Nachhaltigkeit-Klimaneutral-hergestellte-Telefonboxen-1200x675.jpg",1140,641,true],"1536x1536":["https:\/\/99cubes.de\/wp-content\/uploads\/2026\/03\/Nachhaltigkeit-Klimaneutral-hergestellte-Telefonboxen-1536x864.jpg",1536,864,true],"2048x2048":["https:\/\/99cubes.de\/wp-content\/uploads\/2026\/03\/Nachhaltigkeit-Klimaneutral-hergestellte-Telefonboxen.jpg",1600,900,false],"trp-custom-language-flag":["https:\/\/99cubes.de\/wp-content\/uploads\/2026\/03\/Nachhaltigkeit-Klimaneutral-hergestellte-Telefonboxen-18x10.jpg",18,10,true],"botiga-extra-large":["https:\/\/99cubes.de\/wp-content\/uploads\/2026\/03\/Nachhaltigkeit-Klimaneutral-hergestellte-Telefonboxen-1140x641.jpg",1140,641,true],"botiga-large":["https:\/\/99cubes.de\/wp-content\/uploads\/2026\/03\/Nachhaltigkeit-Klimaneutral-hergestellte-Telefonboxen-920x518.jpg",920,518,true],"botiga-big":["https:\/\/99cubes.de\/wp-content\/uploads\/2026\/03\/Nachhaltigkeit-Klimaneutral-hergestellte-Telefonboxen-575x323.jpg",575,323,true],"botiga-medium":["https:\/\/99cubes.de\/wp-content\/uploads\/2026\/03\/Nachhaltigkeit-Klimaneutral-hergestellte-Telefonboxen-380x214.jpg",380,214,true],"botiga-header-icons":["https:\/\/99cubes.de\/wp-content\/uploads\/2026\/03\/Nachhaltigkeit-Klimaneutral-hergestellte-Telefonboxen-50x50.jpg",50,50,true],"botiga-product-swatch-image":["https:\/\/99cubes.de\/wp-content\/uploads\/2026\/03\/Nachhaltigkeit-Klimaneutral-hergestellte-Telefonboxen-26x26.jpg",26,26,true],"woocommerce_thumbnail":["https:\/\/99cubes.de\/wp-content\/uploads\/2026\/03\/Nachhaltigkeit-Klimaneutral-hergestellte-Telefonboxen-420x420.jpg",420,420,true],"woocommerce_single":["https:\/\/99cubes.de\/wp-content\/uploads\/2026\/03\/Nachhaltigkeit-Klimaneutral-hergestellte-Telefonboxen-800x450.jpg",800,450,true],"woocommerce_gallery_thumbnail":["https:\/\/99cubes.de\/wp-content\/uploads\/2026\/03\/Nachhaltigkeit-Klimaneutral-hergestellte-Telefonboxen-100x100.jpg",100,100,true],"wpvr_mobile":["https:\/\/99cubes.de\/wp-content\/uploads\/2026\/03\/Nachhaltigkeit-Klimaneutral-hergestellte-Telefonboxen.jpg",1600,900,false]},"uagb_author_info":{"display_name":"frank","author_link":"https:\/\/99cubes.de\/nl\/author\/frank\/"},"uagb_comment_info":0,"uagb_excerpt":"Nachhaltiges Wirtschaften geh\u00f6rt zur DNA unseres Unternehmens. Dies liegt gleicherma\u00dfen an den pers\u00f6nlichen Einstellungen der Gr\u00fcnder wie an [&hellip;]","_links":{"self":[{"href":"https:\/\/99cubes.de\/nl\/wp-json\/wp\/v2\/pages\/4612","targetHints":{"allow":["GET"]}}],"collection":[{"href":"https:\/\/99cubes.de\/nl\/wp-json\/wp\/v2\/pages"}],"about":[{"href":"https:\/\/99cubes.de\/nl\/wp-json\/wp\/v2\/types\/page"}],"author":[{"embeddable":true,"href":"https:\/\/99cubes.de\/nl\/wp-json\/wp\/v2\/users\/1"}],"replies":[{"embeddable":true,"href":"https:\/\/99cubes.de\/nl\/wp-json\/wp\/v2\/comments?post=4612"}],"version-history":[{"count":8,"href":"https:\/\/99cubes.de\/nl\/wp-json\/wp\/v2\/pages\/4612\/revisions"}],"predecessor-version":[{"id":4643,"href":"https:\/\/99cubes.de\/nl\/wp-json\/wp\/v2\/pages\/4612\/revisions\/4643"}],"wp:featuredmedia":[{"embeddable":true,"href":"https:\/\/99cubes.de\/nl\/wp-json\/wp\/v2\/media\/4635"}],"wp:attachment":[{"href":"https:\/\/99cubes.de\/nl\/wp-json\/wp\/v2\/media?parent=4612"}],"curies":[{"name":"wp","href":"https:\/\/api.w.org\/{rel}","templated":true}]}}

<p>Duurzaam management maakt deel uit van het DNA van ons bedrijf. Dit is ook te danken aan de persoonlijke houding van de oprichters en de opzet van het bedrijfsmodel, dat in wezen is gebaseerd op een circulaire economie.</p>



<p>Om ervoor te zorgen dat „onze inzet voor duurzaamheid“ niet alleen mooi klinkt, maar ook begrijpelijk is voor buitenstaanders, hebben we besloten om het meetbaar te maken en onze voortgang hier elk jaar te publiceren.</p>



<p class="has-text-align-right">Status: 09.03.2026</p>


<div id="ez-toc-container" class="ez-toc-v2_0_82_2 ez-toc-wrap-left counter-hierarchy ez-toc-counter ez-toc-grey ez-toc-container-direction">
<div class="ez-toc-title-container">
<p class="ez-toc-title" style="cursor:inherit">Inhoud</p>
<span class="ez-toc-title-toggle"></span></div>
<nav><ul class='ez-toc-list ez-toc-list-level-1' ><li class='ez-toc-page-1 ez-toc-heading-level-3'><a class="ez-toc-link ez-toc-heading-1" href="https://99cubes.de/nl/unser-engagement-fuer-nachhaltigkeit/#Nachhaltigkeit_in_der_Produktion" >Duurzaamheid in productie</a></li><li class='ez-toc-page-1 ez-toc-heading-level-3'><a class="ez-toc-link ez-toc-heading-2" href="https://99cubes.de/nl/unser-engagement-fuer-nachhaltigkeit/#Nachhaltigkeit_des_Geschaftsmodels" >Duurzaamheid van het bedrijfsmodel</a></li><li class='ez-toc-page-1 ez-toc-heading-level-3'><a class="ez-toc-link ez-toc-heading-3" href="https://99cubes.de/nl/unser-engagement-fuer-nachhaltigkeit/#Jahrliche_Aktualisierung" >Jaarlijkse update</a></li></ul></nav></div>




<h3 class="wp-block-heading"><span class="ez-toc-section" id="Nachhaltigkeit_in_der_Produktion"></span>Duurzaamheid in productie<span class="ez-toc-section-end"></span></h3>



<p>Als detailhandelaar zonder eigen productiecapaciteit kunnen we alleen indirect invloed uitoefenen op duurzame productie, maar dat doen we door bij de keuze van onze leveranciers aandacht te besteden aan duurzaamheid en in het bijzonder aan klimaatbescherming. Vanaf 12/2025 produceren twee van onze leveranciers hun telefoon- en vergaderdozen nu klimaatneutraal. Hierdoor is 26% van ons inkoopvolume in het boekjaar 2025 al afkomstig van klimaatneutrale productie. </p>



<figure class="wp-block-table is-style-regular"><table class="has-color-4-background-color has-background has-fixed-layout"><thead><tr><th class="has-text-align-left" data-align="left">Duurzaamheid in inkoop:</th><th class="has-text-align-center" data-align="center">2024</th><th class="has-text-align-center" data-align="center">2025</th><th class="has-text-align-center" data-align="center">2026</th></tr></thead><tbody><tr><td class="has-text-align-left" data-align="left"><strong>klimaatneutrale productie</strong><br>Percentage telefoon- en vergaderdozen dat klimaatneutraal is geproduceerd (berekend als percentage van ons inkoopvolume van akoestische kubussen)</td><td class="has-text-align-center" data-align="center">4%</td><td class="has-text-align-center" data-align="center">32%</td><td class="has-text-align-center" data-align="center">Verdere toename gepland</td></tr></tbody></table></figure>



<p>P.S.: Alle telefoon- en vergaderdozen van klimaatneutrale productie vind je onder deze link: <a href="https://99cubes.de/nl/duurzaamheid/klimaatneutrale-productie/">https://99cubes.de/nachhaltigkeit/klimaneutral-hergestellt/</a></p>



<h3 class="wp-block-heading"><span class="ez-toc-section" id="Nachhaltigkeit_des_Geschaftsmodels"></span>Duurzaamheid van het bedrijfsmodel<span class="ez-toc-section-end"></span></h3>



<p>Een belangrijk aandachtspunt van ons bedrijfsmodel is altijd de verhuur van onze producten geweest. Dit stelt ons in staat om hulpbronnen efficiënt te gebruiken en producten meerdere keren in te zetten. Op deze manier ontstaan er na verloop van tijd meerdere gebruikscycli van dezelfde telefoon- en vergaderdozen - een belangrijke bijdrage aan het verminderen van materiaalverbruik en afval. </p>



<p>Naast ons assortiment gloednieuwe akoestische kubussen richten we ons daarom ook bewust op producten met een geschiedenis en remarketen we actief gebruikte kubussen. Aanvullende diensten zoals verhuizingen en reparaties zorgen er ook voor dat producten zo lang mogelijk in gebruik blijven. </p>



<figure class="wp-block-table is-style-regular"><table class="has-color-4-background-color has-background has-fixed-layout"><thead><tr><th class="has-text-align-left" data-align="left">Duurzaamheid in verkoop:</th><th class="has-text-align-center" data-align="center">2024</th><th class="has-text-align-center" data-align="center">2025</th><th class="has-text-align-center" data-align="center">2026</th></tr></thead><tbody><tr><td class="has-text-align-left" data-align="left"><strong>Gebruikte producten</strong><br>Percentage telefoon- en vergaderdozen geleverd „met vorige levensduur“ (aantal verkochte eenheden, berekend ten opzichte van nieuwe goederen)</td><td class="has-text-align-center" data-align="center">7%</td><td class="has-text-align-center" data-align="center">12%</td><td class="has-text-align-center" data-align="center">Verdere toename gepland</td></tr></tbody></table></figure>



<p>Door onze verhuuractiviteiten kunnen we onvermijdelijk ook veel diensten aanbieden die niet per se nodig zouden zijn als we alleen nieuwe goederen zouden verkopen. Dit onderscheidt ons ook van veel van onze concurrenten. Als totaalleverancier van telefooncellen, vergadercellen en room-in-room systemen bieden we de volgende diensten aan, ongeacht of de producten bij ons zijn gekocht of elders zijn ingekocht:</p>



<ul class="wp-block-list">
<li><strong><a href="https://99cubes.de/nl/product/verhuisservice-telefooncel-vergaderdoos-alle-fabrikanten/" target="_blank" data-type="product" data-id="2240" rel="noreferrer noopener">Verhuisservice:</a></strong> Het klinkt in eerste instantie nogal vergezocht om een verhuisservice te koppelen aan duurzaamheid. Maar in het verleden hebben we bestaande en nieuwe klanten geholpen om hun oude kantoorruimte op het laatste moment veegschoon op te leveren. Waar normale verhuisbedrijven zich vaak niet wagen, zorgen onze professionele montageteams voor een professionele demontage en verwijdering van telefooncellen, vergaderboxen en room-in-room systemen met volledig waardebehoud na verwijdering en hermontage.</li>



<li><strong><a href="https://99cubes.de/nl/product/onderhoud-reparatie-en-reserveonderdelen-voor-telefooncellen-vergaderdozen-diverse-fabrikanten/" data-type="product" data-id="4631">Reparatieservice:</a></strong> Ons bedrijfsmodel betekent dat we onze producten zeer goed kennen en daarom in staat zijn om eventuele schade te beoordelen en een professionele reparatieservice aan te bieden. Momenteel betrekken we reserveonderdelen van de fabrikanten of - in het geval van ingekochte onderdelen - in sommige gevallen ook van externe leveranciers. Naarmate onze huurvloot veroudert, zullen we in de toekomst ook reserveonderdelen uit afgedankte akoestische kubussen gebruiken, die dan als reserveonderdelenmagazijn zullen dienen.</li>



<li><strong>Terugkoopservice:</strong> Onze marktpositie in de verkoop van gebruikte akoestische kubussen via verhuur en tweedehandsverkoop stelt ons in staat om klanten en geïnteresseerden in veel gevallen een buy-back aanbod te doen. Onze buy-back service wordt gebruikt bij verhuizingen (wanneer akoestische kubussen niet langer nodig zijn in het nieuwe pand) of wanneer akoestische kubussen moeten worden vervangen of vernieuwd.</li>
</ul>



<p>Hoewel onze opkoopdienst direct is opgenomen in de hierboven vermelde metriek voor „gebruikte producten“, zijn we er nog niet in geslaagd om een metriek te identificeren voor verwijderings- en reparatiediensten die we kunnen gebruiken om onze duurzaamheidsinspanningen op een zinvolle manier te meten. Het belangrijkste voor ons is dat we überhaupt reparatie- en verwijderingsdiensten aanbieden. In het geval van de reparatieservice in het bijzonder hopen we natuurlijk dat deze zeer zelden zal worden gebruikt.  </p>



<h3 class="wp-block-heading"><span class="ez-toc-section" id="Jahrliche_Aktualisierung"></span>Jaarlijkse update<span class="ez-toc-section-end"></span></h3>



<p>Deze pagina zal één keer per jaar worden bijgewerkt zodra we de bovengenoemde statistieken hebben geregistreerd en geanalyseerd. We zullen onze methodologie ook geleidelijk uitbreiden.</p>



<p class="has-small-font-size"><strong>Afbeeldingsbronnen:</strong> Afbeelding koptekst: © BOSSE Design Gesellschaft für innovative Office interiors mbH &amp; Co. KG Afbeelding voettekst: © Silen OÜ</p>



<div class="wp-block-uagb-container uagb-block-cd9d8fc7 alignfull uagb-is-root-container"></div>

<p>Nachhaltiges Wirtschaften gehört zur DNA unseres Unternehmens. Dies liegt gleichermaßen an den persönlichen Einstellungen der Gründer wie an [&hellip;]</p>

Nachhaltiges Wirtschaften gehört zur DNA unseres Unternehmens. Dies liegt gleichermaßen an den persönlichen Einstellungen der Gründer wie an [&hellip;]
