{"id":3131,"date":"2024-11-20T18:30:03","date_gmt":"2024-11-20T17:30:03","guid":{"rendered":"https:\/\/99cubes.de\/?post_type=product&#038;p=3131"},"modified":"2026-04-30T16:12:27","modified_gmt":"2026-04-30T14:12:27","slug":"2-zits-vergaderdoos-bosselino-duo-bosse","status":"publish","type":"product","link":"https:\/\/99cubes.de\/nl\/produkt\/2er-meetingbox-bosselino-duo-bosse\/","title":{"rendered":"2-delige vergaderdoos Bosselino Duo | Bosse"},"content":{"rendered":"<div class=\"su-accordion su-u-trim\">\n<div class=\"su-spoiler su-spoiler-style-default su-spoiler-icon-plus\" data-scroll-offset=\"0\" data-anchor-in-url=\"no\"><div class=\"su-spoiler-title\" tabindex=\"0\" role=\"button\"><span class=\"su-spoiler-icon\"><\/span><strong>Info over de Bosselino-serie<\/strong><\/div><div class=\"su-spoiler-content su-u-clearfix su-u-trim\">\n<p>Bosse geh\u00f6rt schon seit den 1990ern zu den Pionieren im Bereich der Raum-in-Raum-Systeme und hat daher mittlerweile jahrzehntelange Erfahrung bei der Strukturierung von Gro\u00dfraumb\u00fcros. Nach dem Erfolg der (schwarzen) Telefonbox Bosselino hat Bosse dieses Produkt nun in helleren Farben neu aufgelegt. Die Produktserie besteht aktuell aus der Telefonbox &#8222;Bosselino Uno&#8220;, der auf zwei Personen ausgelegten Meetingbox &#8222;Bosselino Duo&#8220; sowie der Arbeitsbox &#8222;Bosselino Work&#8220;.<\/p>\n<p><strong>Klimaatneutrale productie:<\/strong> Het Bosselino assortiment wordt klimaatneutraal geproduceerd in Duitsland!<\/p>\n<\/div><\/div>\n<div class=\"su-spoiler su-spoiler-style-default su-spoiler-icon-plus su-spoiler-closed\" data-scroll-offset=\"0\" data-anchor-in-url=\"no\"><div class=\"su-spoiler-title\" tabindex=\"0\" role=\"button\"><span class=\"su-spoiler-icon\"><\/span><strong>Uitrusting:<\/strong><\/div><div class=\"su-spoiler-content su-u-clearfix su-u-trim\">\n<ul>\n<li>Elektrische installatie via Plug &amp; Play systeem<\/li>\n<li>Ge\u00efntegreerde ventilatie met 3 geluidsarme ventilatoren<\/li>\n<li>Energiezuinige LED-verlichting<\/li>\n<li>Moderne elektrische voeding: 2x USB opladen A+C met 65 watt vermogen direct aan tafel, waardoor een conventioneel Schuko stopcontact overbodig wordt.<\/li>\n<li>Dubbele glazen deur van 8 mm ESG<\/li>\n<li>Royaal tafelblad op zithoogte in \u201eLindberg eiken\u201c melamine afwerking, met veel ruimte voor laptop &amp; co<\/li>\n<li>Stevige basisplaat met akoestisch effectief vilten tapijt<\/li>\n<li>Verlaagd plafond<\/li>\n<li>Hoogte nivellering voor ongelijke vloeren tot 15 mm<\/li>\n<li>Kleurenschema: buitenmuren wit, binnenmuren PET-vilt \u201elicht kaki\u201c, tapijt antraciet<\/li>\n<\/ul>\n<p>Tegen betaling:<\/p>\n<ul>\n<li>Twee houten banken in \u201eLindberg eiken\u201c melamine afwerking - met of zonder zitkussen<\/li>\n<li>met stof beklede poef<\/li>\n<\/ul>\n<\/div><\/div>\n<div class=\"su-spoiler su-spoiler-style-default su-spoiler-icon-plus su-spoiler-closed\" data-scroll-offset=\"0\" data-anchor-in-url=\"no\"><div class=\"su-spoiler-title\" tabindex=\"0\" role=\"button\"><span class=\"su-spoiler-icon\"><\/span><strong>Afmetingen en gewicht:<\/strong><\/div><div class=\"su-spoiler-content su-u-clearfix su-u-trim\">\n<div class=\"item-603 readonly-607 indent-604\">\n<ul>\n<li>Breedte buiten\/binnen:<span class=\"secondary-text\"> 1909 mm \/ 1795 mm<\/span><\/li>\n<li>Diepte Buiten Binnen:<span class=\"secondary-text\"> 994 mm \/ 912 mm<\/span><\/li>\n<li>Hoogte buiten\/binnen :<span class=\"secondary-text\"> 2155 mm \/2018 mm<\/span><\/li>\n<li>min. kamerhoogte:<span class=\"secondary-text\"> 2320 mm<\/span><\/li>\n<li>Gewicht: ca.450 kg<\/li>\n<\/ul>\n<\/div>\n<\/div><\/div>\n<div class=\"su-spoiler su-spoiler-style-default su-spoiler-icon-plus su-spoiler-closed\" data-scroll-offset=\"0\" data-anchor-in-url=\"no\"><div class=\"su-spoiler-title\" tabindex=\"0\" role=\"button\"><span class=\"su-spoiler-icon\"><\/span><strong>Akoestische gegevens en ventilatie:<\/strong><\/div><div class=\"su-spoiler-content su-u-clearfix su-u-trim\">\n<ul>\n<li>Goede geluidsisolatie: geluidsabsorberende zij- en achterwand met akoestische panelen van 100 % gerecycled PET-vilt, akoestisch effectief vilten tapijt, glazen deur met afdichtingsprofielen rondom<\/li>\n<li>Geluidsarme, krachtige ventilatie dankzij drie stille ventilatoren - Nominale luchtuitwisseling van 80 m\u00b3\/h per ventilator, dus 240 m\u00b3\/h in totaal (zie ook selectiecriterium) <a href=\"https:\/\/99cubes.de\/nl\/luchtuitwisseling\/\">Luchtuitwisseling<\/a>)<\/li>\n<\/ul>\n<\/div><\/div>\n<\/div>","protected":false},"excerpt":{"rendered":"<p>De \u201eBosselino Duo\u201c vergaderbox is de slimme 2-zits vergaderbox uit de Bosselino serie.<\/p>\n<p>De \u201eBosselino Duo\u201c is net zo slim ontworpen als zijn kleine broertje, <a href=\"https:\/\/99cubes.de\/nl\/producten\/telefooncel-bosselino-uno-bosse\/\">de telefooncel Bosselino Uno.<\/a> Hij is twee keer zo breed, heeft twee glazen deuren die naar het midden toe opengaan en is uitgerust met een vaste tafel in het midden. De twee banken zijn optioneel verkrijgbaar.<\/p>\n<p><strong>Duurzame en duurzame materialen | Made in Germany | multiplex van echt hout | inclusief akoestisch effectief tapijt<\/strong><\/p>","protected":false},"featured_media":3888,"comment_status":"open","ping_status":"closed","template":"","meta":{"content-type":"","_uag_custom_page_level_css":""},"product_brand":[],"product_cat":[60],"product_tag":[],"class_list":{"0":"post-3131","1":"product","2":"type-product","3":"status-publish","4":"has-post-thumbnail","6":"product_cat-meetingboxen","7":"pa_anzahl-personen-2-personen","8":"pa_belueftungssteuerung-vollautomatisch","9":"pa_breite-191-m","10":"pa_buchungstool-display-goconut-ready","11":"pa_einsatz-szenarien-buero","12":"pa_einsatz-szenarien-einzelhandel","13":"pa_einsatz-szenarien-hotel","14":"pa_einsatz-szenarien-schule-universitaet","15":"pa_farbe-weiss","16":"pa_flex-miete-verfuegbar-ja","17":"pa_gewicht-450-kg","18":"pa_hoehe-216-m","19":"pa_lan-kein-lan-anschluss","20":"pa_lieferzeit-2-wochen-lieferzeit","21":"pa_luftaustausch-240-m-h-nominell","22":"pa_marke-bosse","23":"pa_mobilitaet-keine","24":"pa_monitorhalterung-ohne-monitorhalterung","25":"pa_nachhaltigkeit-klimaneutral-hergestellt","26":"pa_preissegment-eins","27":"pa_schalldaemmung-zwei-sterne","28":"pa_sitzen-oder-stehen-im-sitzen-niedrig-mit-stuhl-oder-bank","29":"pa_spezial-features-fuer-selbstmontage-geeignet","30":"pa_tiefe-0994-m","31":"pa_verfuegbare-tisch-optionen-fixe-tischhoehe-sitzen","32":"pa_verwendung-meeting","33":"pa_verwendung-telefonieren","34":"pa_verwendung-video-call","36":"first","37":"instock","38":"taxable","39":"shipping-taxable","40":"purchasable","41":"product-type-simple"},"uagb_featured_image_src":{"full":["https:\/\/99cubes.de\/wp-content\/uploads\/2024\/11\/Meetingbox-Bosselino-Duo-weiss-zwei-Personen-09.jpg",1600,1067,false],"thumbnail":["https:\/\/99cubes.de\/wp-content\/uploads\/2024\/11\/Meetingbox-Bosselino-Duo-weiss-zwei-Personen-09-200x200.jpg",200,200,true],"medium":["https:\/\/99cubes.de\/wp-content\/uploads\/2024\/11\/Meetingbox-Bosselino-Duo-weiss-zwei-Personen-09-450x300.jpg",450,300,true],"medium_large":["https:\/\/99cubes.de\/wp-content\/uploads\/2024\/11\/Meetingbox-Bosselino-Duo-weiss-zwei-Personen-09-768x512.jpg",768,512,true],"large":["https:\/\/99cubes.de\/wp-content\/uploads\/2024\/11\/Meetingbox-Bosselino-Duo-weiss-zwei-Personen-09-1200x800.jpg",1140,760,true],"1536x1536":["https:\/\/99cubes.de\/wp-content\/uploads\/2024\/11\/Meetingbox-Bosselino-Duo-weiss-zwei-Personen-09-1536x1024.jpg",1536,1024,true],"2048x2048":["https:\/\/99cubes.de\/wp-content\/uploads\/2024\/11\/Meetingbox-Bosselino-Duo-weiss-zwei-Personen-09.jpg",1600,1067,false],"trp-custom-language-flag":["https:\/\/99cubes.de\/wp-content\/uploads\/2024\/11\/Meetingbox-Bosselino-Duo-weiss-zwei-Personen-09-18x12.jpg",18,12,true],"botiga-extra-large":["https:\/\/99cubes.de\/wp-content\/uploads\/2024\/11\/Meetingbox-Bosselino-Duo-weiss-zwei-Personen-09-1140x760.jpg",1140,760,true],"botiga-large":["https:\/\/99cubes.de\/wp-content\/uploads\/2024\/11\/Meetingbox-Bosselino-Duo-weiss-zwei-Personen-09-920x614.jpg",920,614,true],"botiga-big":["https:\/\/99cubes.de\/wp-content\/uploads\/2024\/11\/Meetingbox-Bosselino-Duo-weiss-zwei-Personen-09-575x383.jpg",575,383,true],"botiga-medium":["https:\/\/99cubes.de\/wp-content\/uploads\/2024\/11\/Meetingbox-Bosselino-Duo-weiss-zwei-Personen-09-380x253.jpg",380,253,true],"botiga-header-icons":["https:\/\/99cubes.de\/wp-content\/uploads\/2024\/11\/Meetingbox-Bosselino-Duo-weiss-zwei-Personen-09-50x50.jpg",50,50,true],"botiga-product-swatch-image":["https:\/\/99cubes.de\/wp-content\/uploads\/2024\/11\/Meetingbox-Bosselino-Duo-weiss-zwei-Personen-09-26x26.jpg",26,26,true],"woocommerce_thumbnail":["https:\/\/99cubes.de\/wp-content\/uploads\/2024\/11\/Meetingbox-Bosselino-Duo-weiss-zwei-Personen-09-420x420.jpg",420,420,true],"woocommerce_single":["https:\/\/99cubes.de\/wp-content\/uploads\/2024\/11\/Meetingbox-Bosselino-Duo-weiss-zwei-Personen-09-800x534.jpg",800,534,true],"woocommerce_gallery_thumbnail":["https:\/\/99cubes.de\/wp-content\/uploads\/2024\/11\/Meetingbox-Bosselino-Duo-weiss-zwei-Personen-09-100x100.jpg",100,100,true],"wpvr_mobile":["https:\/\/99cubes.de\/wp-content\/uploads\/2024\/11\/Meetingbox-Bosselino-Duo-weiss-zwei-Personen-09.jpg",1600,1067,false]},"uagb_author_info":{"display_name":"frank","author_link":"https:\/\/99cubes.de\/nl\/author\/"},"uagb_comment_info":0,"uagb_excerpt":"Die Meetingbox \"Bosselino Duo\" ist die smarte 2er-Meetingbox aus der Bosselino-Serie. Die \"Bosselino Duo\" ist genauso clever konstruiert wie ihr kleiner Bruder, die Telefonbox Bosselino Uno. Sie ist doppelt so breit, hat zwei zur Mitte hin \u00f6ffnende Glast\u00fcren und ist mit einem in der Mitte fest montierten Tisch ausgestattet. Die beiden Sitzb\u00e4nke sind optional erh\u00e4ltlich.&hellip;","_links":{"self":[{"href":"https:\/\/99cubes.de\/nl\/wp-json\/wp\/v2\/product\/3131","targetHints":{"allow":["GET"]}}],"collection":[{"href":"https:\/\/99cubes.de\/nl\/wp-json\/wp\/v2\/product"}],"about":[{"href":"https:\/\/99cubes.de\/nl\/wp-json\/wp\/v2\/types\/product"}],"replies":[{"embeddable":true,"href":"https:\/\/99cubes.de\/nl\/wp-json\/wp\/v2\/comments?post=3131"}],"wp:featuredmedia":[{"embeddable":true,"href":"https:\/\/99cubes.de\/nl\/wp-json\/wp\/v2\/media\/3888"}],"wp:attachment":[{"href":"https:\/\/99cubes.de\/nl\/wp-json\/wp\/v2\/media?parent=3131"}],"wp:term":[{"taxonomy":"product_brand","embeddable":true,"href":"https:\/\/99cubes.de\/nl\/wp-json\/wp\/v2\/product_brand?post=3131"},{"taxonomy":"product_cat","embeddable":true,"href":"https:\/\/99cubes.de\/nl\/wp-json\/wp\/v2\/product_cat?post=3131"},{"taxonomy":"product_tag","embeddable":true,"href":"https:\/\/99cubes.de\/nl\/wp-json\/wp\/v2\/product_tag?post=3131"}],"curies":[{"name":"wp","href":"https:\/\/api.w.org\/{rel}","templated":true}]}}

<div class="su-accordion su-u-trim">
<div class="su-spoiler su-spoiler-style-default su-spoiler-icon-plus" data-scroll-offset="0" data-anchor-in-url="no"><div class="su-spoiler-title" tabindex="0" role="button"><span class="su-spoiler-icon"></span><strong>Info over de Bosselino-serie</strong></div><div class="su-spoiler-content su-u-clearfix su-u-trim">
<p>Bosse gehört schon seit den 1990ern zu den Pionieren im Bereich der Raum-in-Raum-Systeme und hat daher mittlerweile jahrzehntelange Erfahrung bei der Strukturierung von Großraumbüros. Nach dem Erfolg der (schwarzen) Telefonbox Bosselino hat Bosse dieses Produkt nun in helleren Farben neu aufgelegt. Die Produktserie besteht aktuell aus der Telefonbox &#8222;Bosselino Uno&#8220;, der auf zwei Personen ausgelegten Meetingbox &#8222;Bosselino Duo&#8220; sowie der Arbeitsbox &#8222;Bosselino Work&#8220;.</p>
<p><strong>Klimaatneutrale productie:</strong> Het Bosselino assortiment wordt klimaatneutraal geproduceerd in Duitsland!</p>
</div></div>
<div class="su-spoiler su-spoiler-style-default su-spoiler-icon-plus su-spoiler-closed" data-scroll-offset="0" data-anchor-in-url="no"><div class="su-spoiler-title" tabindex="0" role="button"><span class="su-spoiler-icon"></span><strong>Uitrusting:</strong></div><div class="su-spoiler-content su-u-clearfix su-u-trim">
<ul>
<li>Elektrische installatie via Plug &amp; Play systeem</li>
<li>Geïntegreerde ventilatie met 3 geluidsarme ventilatoren</li>
<li>Energiezuinige LED-verlichting</li>
<li>Moderne elektrische voeding: 2x USB opladen A+C met 65 watt vermogen direct aan tafel, waardoor een conventioneel Schuko stopcontact overbodig wordt.</li>
<li>Dubbele glazen deur van 8 mm ESG</li>
<li>Royaal tafelblad op zithoogte in „Lindberg eiken“ melamine afwerking, met veel ruimte voor laptop &amp; co</li>
<li>Stevige basisplaat met akoestisch effectief vilten tapijt</li>
<li>Verlaagd plafond</li>
<li>Hoogte nivellering voor ongelijke vloeren tot 15 mm</li>
<li>Kleurenschema: buitenmuren wit, binnenmuren PET-vilt „licht kaki“, tapijt antraciet</li>
</ul>
<p>Tegen betaling:</p>
<ul>
<li>Twee houten banken in „Lindberg eiken“ melamine afwerking - met of zonder zitkussen</li>
<li>met stof beklede poef</li>
</ul>
</div></div>
<div class="su-spoiler su-spoiler-style-default su-spoiler-icon-plus su-spoiler-closed" data-scroll-offset="0" data-anchor-in-url="no"><div class="su-spoiler-title" tabindex="0" role="button"><span class="su-spoiler-icon"></span><strong>Afmetingen en gewicht:</strong></div><div class="su-spoiler-content su-u-clearfix su-u-trim">
<div class="item-603 readonly-607 indent-604">
<ul>
<li>Breedte buiten/binnen:<span class="secondary-text"> 1909 mm / 1795 mm</span></li>
<li>Diepte Buiten Binnen:<span class="secondary-text"> 994 mm / 912 mm</span></li>
<li>Hoogte buiten/binnen :<span class="secondary-text"> 2155 mm /2018 mm</span></li>
<li>min. kamerhoogte:<span class="secondary-text"> 2320 mm</span></li>
<li>Gewicht: ca.450 kg</li>
</ul>
</div>
</div></div>
<div class="su-spoiler su-spoiler-style-default su-spoiler-icon-plus su-spoiler-closed" data-scroll-offset="0" data-anchor-in-url="no"><div class="su-spoiler-title" tabindex="0" role="button"><span class="su-spoiler-icon"></span><strong>Akoestische gegevens en ventilatie:</strong></div><div class="su-spoiler-content su-u-clearfix su-u-trim">
<ul>
<li>Goede geluidsisolatie: geluidsabsorberende zij- en achterwand met akoestische panelen van 100 % gerecycled PET-vilt, akoestisch effectief vilten tapijt, glazen deur met afdichtingsprofielen rondom</li>
<li>Geluidsarme, krachtige ventilatie dankzij drie stille ventilatoren - Nominale luchtuitwisseling van 80 m³/h per ventilator, dus 240 m³/h in totaal (zie ook selectiecriterium) <a href="https://99cubes.de/nl/luchtuitwisseling/">Luchtuitwisseling</a>)</li>
</ul>
</div></div>
</div>

Die Meetingbox "Bosselino Duo" ist die smarte 2er-Meetingbox aus der Bosselino-Serie. Die "Bosselino Duo" ist genauso clever konstruiert wie ihr kleiner Bruder, die Telefonbox Bosselino Uno. Sie ist doppelt so breit, hat zwei zur Mitte hin öffnende Glastüren und ist mit einem in der Mitte fest montierten Tisch ausgestattet. Die beiden Sitzbänke sind optional erhältlich.&hellip;
