{"id":3161,"date":"2024-11-25T10:06:25","date_gmt":"2024-11-25T09:06:25","guid":{"rendered":"https:\/\/99cubes.de\/?post_type=product&#038;p=3161"},"modified":"2026-01-13T10:40:52","modified_gmt":"2026-01-13T09:40:52","slug":"vergaderruimte-kubus-max-s-m-l-sedus","status":"publish","type":"product","link":"https:\/\/99cubes.de\/nl\/produkt\/konferenzraum-cube-max-s-m-l-sedus\/","title":{"rendered":"Conferentieruimte Cube max (S\/M\/L) | SEDUS"},"content":{"rendered":"<div class=\"su-accordion su-u-trim\">\n<div class=\"su-spoiler su-spoiler-style-default su-spoiler-icon-plus\" data-scroll-offset=\"0\" data-anchor-in-url=\"no\"><div class=\"su-spoiler-title\" tabindex=\"0\" role=\"button\"><span class=\"su-spoiler-icon\"><\/span><strong>Over de se:cube serie van Sedus<\/strong><\/div><div class=\"su-spoiler-content su-u-clearfix su-u-trim\">\n<p>Sedus is een van de meest gerenommeerde en succesvolle kantoormeubelfabrikanten in Duitsland. Met se:cube heeft Sedus een innovatieve serie telefoon- en vergaderboxen op de markt gebracht die veel klanten enthousiast heeft gemaakt. De extra aanduiding \u201emax\u201c staat voor kubussen ter grootte van een conferentieruimte die op de bestaande gebouwvloer worden geplaatst (geen aparte vloer). Het ontwerp van de Sedus kubussen wordt gekenmerkt door een eenvoudige, rechtlijnige vorm die wordt onderbroken door licht afgeronde hoeken. Hierdoor passen de se:cube modellen naadloos in de meest uiteenlopende kantooromgevingen. Een bijzonder kenmerk van de serie is de optionele LED-strip rondom. Deze dient als visueel bezettingssignaal en licht op zodra de kast in gebruik is.<\/p>\n<p>Andere speciale kenmerken van de se:cube serie zijn<\/p>\n<ul>\n<li>T\u00dcV-gecertificeerde veiligheid (\u201eGS\u201c) voor <a href=\"https:\/\/99cubes.de\/nl\/producten\/fokus-box-cube-s-sedus-2\/\">Kubus S<\/a>, <a href=\"https:\/\/99cubes.de\/nl\/producten\/vergaderdoos-kubus-m-sedus-2\/\">Kubus M<\/a> en <a href=\"https:\/\/99cubes.de\/nl\/producten\/vergaderdoos-kubus-l-sedus\/\">Kubus L<\/a>.<\/li>\n<li>Intelligente verlichtings- en ventilatieregeling met drievoudige sensortechnologie: bewegingssensor, temperatuursensor en optionele CO\u00b2-sensor<\/li>\n<li>Optioneel met bedieningselement voor handmatige regeling van ventilatie, helderheid en LED-kleurtemperatuur<\/li>\n<\/ul>\n<p>Het uiterlijk en kleurontwerp van de Sedus Cubes kunnen individueel worden aangepast:<\/p>\n<ul>\n<li>Afwerking buitenlak in 10 verschillende kleuren (standaard: wit, andere kleuren verkrijgbaar tegen meerprijs)<\/li>\n<li>Buitenwanden kunnen worden afgewerkt met een whiteboardcoating - een Cube kan ook verstandig van buitenaf worden gebruikt, vooral in open kantooromgevingen.<\/li>\n<li>Deur naar keuze links of rechts scharnierend<\/li>\n<\/ul>\n<\/div><\/div>\n<div class=\"su-spoiler su-spoiler-style-default su-spoiler-icon-plus su-spoiler-closed\" data-scroll-offset=\"0\" data-anchor-in-url=\"no\"><div class=\"su-spoiler-title\" tabindex=\"0\" role=\"button\"><span class=\"su-spoiler-icon\"><\/span><strong>Uitrusting:<\/strong><\/div><div class=\"su-spoiler-content su-u-clearfix su-u-trim\">\n<ul>\n<li>PET-viltpanelen aan het plafond voor een aangename ruimteakoestiek<\/li>\n<li>Optioneel 1, 2 of 3 zijpanelen beglaasd (deurzijde altijd beglaasd), uitvoering in 12,76 mm LSG-SI,<\/li>\n<li>Dimbare verlichting optioneel verkrijgbaar in twee versies:\n<ul>\n<li>\u201eMeeting\u201c: met twee centraal geplaatste LED-panelen voor ideale verlichting van een vergadertafel, optioneel ook verkrijgbaar in HCL-versie (HCL = Human Centric Lightning, maakt een kleurtemperatuurverandering mogelijk die is gemodelleerd naar zonlicht in de loop van de dag)<\/li>\n<li>\u201eWorkshop\u201c: afhankelijk van de grootte van de ruimte, vier of zes dimbare LED-lampen die gelijkmatig over de ruimte zijn verdeeld - maakt een gelijkmatigere verlichting mogelijk (ideaal voor flexibel ruimtegebruik met mobiele meubels)<\/li>\n<\/ul>\n<\/li>\n<li>Optioneel: Panelen op binnen- en buitenmuren in whiteboarddesign<\/li>\n<li>Deur naar binnen openend, rolstoeltoegankelijk (zonder drempel)<\/li>\n<li>Deur met slotkast met schijncilinder - maakt achteraf inbouwen van aangepaste sluitsystemen mogelijk<\/li>\n<\/ul>\n<\/div><\/div>\n<div class=\"su-spoiler su-spoiler-style-default su-spoiler-icon-plus su-spoiler-closed\" data-scroll-offset=\"0\" data-anchor-in-url=\"no\"><div class=\"su-spoiler-title\" tabindex=\"0\" role=\"button\"><span class=\"su-spoiler-icon\"><\/span><strong>Afmetingen en gewicht:<\/strong><\/div><div class=\"su-spoiler-content su-u-clearfix su-u-trim\">\n<p>Er zijn drie verschillende maten beschikbaar (de gewichten zijn waarden bij benadering - het exacte gewicht hangt af van het aantal individueel geconfigureerde glazen wanden):<\/p>\n<ul>\n<li><strong>Kubus max S:<\/strong> Basisoppervlak van 3\u00d73 meter - gewicht ca. 950 kg<\/li>\n<li><strong>Kubus max M:<\/strong> Basisoppervlak van 3\u00d74 of 4\u00d73 meter - Gewicht ca. 1.150 kg<\/li>\n<li><strong>Kubus max L:<\/strong> Bodemoppervlak van 4\u00d74 meter - gewicht ongeveer 1.300 kg<\/li>\n<\/ul>\n<\/div><\/div>\n<div class=\"su-spoiler su-spoiler-style-default su-spoiler-icon-plus su-spoiler-closed\" data-scroll-offset=\"0\" data-anchor-in-url=\"no\"><div class=\"su-spoiler-title\" tabindex=\"0\" role=\"button\"><span class=\"su-spoiler-icon\"><\/span><strong>Akoestische gegevens en ventilatie:<\/strong><\/div><div class=\"su-spoiler-content su-u-clearfix su-u-trim\">\n<ul>\n<li>29 dB(A) Geluidsniveau reductie volgens DIN EN ISO 11957 (2010)<\/li>\n<li>Volledig automatische ventilatie met twee krachtige ventilatoren (met een gecombineerd nominaal ventilatorvermogen van 2.708 m\u00b3\/u). Afhankelijk van de grootte van de vergaderruimte zorgen deze voor een volledige luchtverversing binnen 1,33 tot 2,45 minuten.<\/li>\n<\/ul>\n<\/div><\/div>\n<\/div>","protected":false},"excerpt":{"rendered":"<p>De akoestische kubussen van Sedus zijn niet alleen verkrijgbaar in de versies telefooncel en vergadercel, maar ook in conferentiezaalformaat met de toevoeging \u201emax\u201c. U kunt kiezen uit drie verschillende maten:<\/p>\n<ul>\n<li><strong>Kubus max S:<\/strong> Basisoppervlak van 3\u00d73 meter<\/li>\n<li><strong>Kubus max M:<\/strong> 3\u00d74 of 4\u00d73 meter basisoppervlak<\/li>\n<li><strong>Kubus max L:<\/strong> 4\u00d74 meter basisoppervlak<\/li>\n<\/ul>\n<p>Alle vergaderruimten in de Cube Max serie kunnen worden geconfigureerd met \u00e9\u00e9n, twee of drie glazen wanden. De vierde wand verbergt de technologie, zoals stroomaansluitingen, ventilatie, monitorbevestigingen, enz.<\/p>\n<p>Afhankelijk van de grootte zijn er vergadertafels voor zittend of staand gebruik beschikbaar voor de binneninrichting (niet inbegrepen).<\/p>","protected":false},"featured_media":3162,"comment_status":"open","ping_status":"closed","template":"","meta":{"content-type":"","_uag_custom_page_level_css":""},"product_brand":[],"product_cat":[238,66],"product_tag":[],"class_list":{"0":"post-3161","1":"product","2":"type-product","3":"status-publish","4":"has-post-thumbnail","6":"product_cat-konferenzraeume","7":"product_cat-raum-in-raum-system","8":"pa_anzahl-personen-4-personen","9":"pa_anzahl-personen-6-personen","10":"pa_anzahl-personen-8-personen","11":"pa_belueftungssteuerung-individuell-steuerbar","12":"pa_belueftungssteuerung-vollautomatisch","13":"pa_breite-300-m","14":"pa_breite-400-m","15":"pa_buchungstool-display-goconut-ready","16":"pa_einsatz-szenarien-buero","17":"pa_einsatz-szenarien-logistik","18":"pa_einsatz-szenarien-produktion","19":"pa_einsatz-szenarien-schule-universitaet","20":"pa_farbe-konfigurierbar","21":"pa_farbe-schwarz","22":"pa_farbe-weiss","23":"pa_flex-miete-verfuegbar-auf-anfrage","24":"pa_gewicht-1-150-kg","25":"pa_gewicht-1-300-kg","26":"pa_gewicht-950-kg","27":"pa_hoehe-240-m","28":"pa_lan-kein-lan-anschluss","29":"pa_lan-lan-anschluss-als-sonderausstattung","30":"pa_lieferzeit-8-bis-12-wochen-lieferzeit","31":"pa_luftaustausch-2-708-m-h-nominell","32":"pa_luftaustausch-743-m-h-systemluftstrom","33":"pa_marke-sedus","34":"pa_mobilitaet-keine","35":"pa_monitorhalterung-monitorhalterung-als-sonderausstattung","36":"pa_monitorhalterung-ohne-monitorhalterung","37":"pa_preissegment-drei","38":"pa_schalldaemmung-drei-sterne","39":"pa_sitzen-oder-stehen-im-sitzen-hoch-mit-hocker","40":"pa_sitzen-oder-stehen-im-sitzen-niedrig-mit-stuhl-oder-bank","41":"pa_sitzen-oder-stehen-im-stehen","42":"pa_spezial-features-led-leuchtstreifen-on-air-signal","43":"pa_spezial-features-white-board-option","44":"pa_tiefe-300-m","45":"pa_tiefe-400-m","46":"pa_verfuegbare-tisch-optionen-fixe-tischhoehe-sitzen","47":"pa_verfuegbare-tisch-optionen-fixe-tischhoehe-stehen","48":"pa_verfuegbare-tisch-optionen-ohne-tisch","49":"pa_verfuegbare-tisch-optionen-variable-tischhoehe-elektrisch-verstellbar","50":"pa_verwendung-konzentriertes-arbeiten","51":"pa_verwendung-meeting","52":"pa_verwendung-zusammenarbeiten","54":"first","55":"instock","56":"taxable","57":"shipping-taxable","58":"purchasable","59":"product-type-simple"},"uagb_featured_image_src":{"full":["https:\/\/99cubes.de\/wp-content\/uploads\/2024\/11\/99cubes-Raum-in-Raum-sedus-se-cube-max-ambiente-7-quad.jpg",1203,1200,false],"thumbnail":["https:\/\/99cubes.de\/wp-content\/uploads\/2024\/11\/99cubes-Raum-in-Raum-sedus-se-cube-max-ambiente-7-quad-200x200.jpg",200,200,true],"medium":["https:\/\/99cubes.de\/wp-content\/uploads\/2024\/11\/99cubes-Raum-in-Raum-sedus-se-cube-max-ambiente-7-quad-450x450.jpg",450,450,true],"medium_large":["https:\/\/99cubes.de\/wp-content\/uploads\/2024\/11\/99cubes-Raum-in-Raum-sedus-se-cube-max-ambiente-7-quad-768x766.jpg",768,766,true],"large":["https:\/\/99cubes.de\/wp-content\/uploads\/2024\/11\/99cubes-Raum-in-Raum-sedus-se-cube-max-ambiente-7-quad-1200x1197.jpg",1140,1137,true],"1536x1536":["https:\/\/99cubes.de\/wp-content\/uploads\/2024\/11\/99cubes-Raum-in-Raum-sedus-se-cube-max-ambiente-7-quad-1536x1532.jpg",1203,1200,true],"2048x2048":["https:\/\/99cubes.de\/wp-content\/uploads\/2024\/11\/99cubes-Raum-in-Raum-sedus-se-cube-max-ambiente-7-quad-2048x2042.jpg",1204,1200,true],"trp-custom-language-flag":["https:\/\/99cubes.de\/wp-content\/uploads\/2024\/11\/99cubes-Raum-in-Raum-sedus-se-cube-max-ambiente-7-quad-12x12.jpg",12,12,true],"botiga-extra-large":["https:\/\/99cubes.de\/wp-content\/uploads\/2024\/11\/99cubes-Raum-in-Raum-sedus-se-cube-max-ambiente-7-quad-1140x1137.jpg",1140,1137,true],"botiga-large":["https:\/\/99cubes.de\/wp-content\/uploads\/2024\/11\/99cubes-Raum-in-Raum-sedus-se-cube-max-ambiente-7-quad-920x917.jpg",920,917,true],"botiga-big":["https:\/\/99cubes.de\/wp-content\/uploads\/2024\/11\/99cubes-Raum-in-Raum-sedus-se-cube-max-ambiente-7-quad-575x573.jpg",575,573,true],"botiga-medium":["https:\/\/99cubes.de\/wp-content\/uploads\/2024\/11\/99cubes-Raum-in-Raum-sedus-se-cube-max-ambiente-7-quad-380x379.jpg",380,379,true],"botiga-header-icons":["https:\/\/99cubes.de\/wp-content\/uploads\/2024\/11\/99cubes-Raum-in-Raum-sedus-se-cube-max-ambiente-7-quad-50x50.jpg",50,50,true],"botiga-product-swatch-image":["https:\/\/99cubes.de\/wp-content\/uploads\/2024\/11\/99cubes-Raum-in-Raum-sedus-se-cube-max-ambiente-7-quad-26x26.jpg",26,26,true],"woocommerce_thumbnail":["https:\/\/99cubes.de\/wp-content\/uploads\/2024\/11\/99cubes-Raum-in-Raum-sedus-se-cube-max-ambiente-7-quad-420x420.jpg",420,420,true],"woocommerce_single":["https:\/\/99cubes.de\/wp-content\/uploads\/2024\/11\/99cubes-Raum-in-Raum-sedus-se-cube-max-ambiente-7-quad-800x798.jpg",800,798,true],"woocommerce_gallery_thumbnail":["https:\/\/99cubes.de\/wp-content\/uploads\/2024\/11\/99cubes-Raum-in-Raum-sedus-se-cube-max-ambiente-7-quad-100x100.jpg",100,100,true],"wpvr_mobile":["https:\/\/99cubes.de\/wp-content\/uploads\/2024\/11\/99cubes-Raum-in-Raum-sedus-se-cube-max-ambiente-7-quad-2054x2048.jpg",1204,1200,true]},"uagb_author_info":{"display_name":"frank","author_link":"https:\/\/99cubes.de\/nl\/author\/"},"uagb_comment_info":0,"uagb_excerpt":"Die Akustik-Cubes von Sedus gibt es nicht nur in den Telefonboxen- und Meetingboxen-Variante sondern mit dem Zusatz \"max\" auch in Konferenzraum-Gr\u00f6\u00dfe. Drei verschiedene Gr\u00f6\u00dfen stehen zur Auswahl: Cube max S: 3x3 Meter Grundfl\u00e4che Cube max M: 3x4 oder 4x3 Meter Grundfl\u00e4che Cube max L: 4x4 Meter Grundfl\u00e4che Alle Konferenzr\u00e4ume der Cube-Max-Serie k\u00f6nnen wahlweise mit einer,&hellip;","_links":{"self":[{"href":"https:\/\/99cubes.de\/nl\/wp-json\/wp\/v2\/product\/3161","targetHints":{"allow":["GET"]}}],"collection":[{"href":"https:\/\/99cubes.de\/nl\/wp-json\/wp\/v2\/product"}],"about":[{"href":"https:\/\/99cubes.de\/nl\/wp-json\/wp\/v2\/types\/product"}],"replies":[{"embeddable":true,"href":"https:\/\/99cubes.de\/nl\/wp-json\/wp\/v2\/comments?post=3161"}],"wp:featuredmedia":[{"embeddable":true,"href":"https:\/\/99cubes.de\/nl\/wp-json\/wp\/v2\/media\/3162"}],"wp:attachment":[{"href":"https:\/\/99cubes.de\/nl\/wp-json\/wp\/v2\/media?parent=3161"}],"wp:term":[{"taxonomy":"product_brand","embeddable":true,"href":"https:\/\/99cubes.de\/nl\/wp-json\/wp\/v2\/product_brand?post=3161"},{"taxonomy":"product_cat","embeddable":true,"href":"https:\/\/99cubes.de\/nl\/wp-json\/wp\/v2\/product_cat?post=3161"},{"taxonomy":"product_tag","embeddable":true,"href":"https:\/\/99cubes.de\/nl\/wp-json\/wp\/v2\/product_tag?post=3161"}],"curies":[{"name":"wp","href":"https:\/\/api.w.org\/{rel}","templated":true}]}}

<div class="su-accordion su-u-trim">
<div class="su-spoiler su-spoiler-style-default su-spoiler-icon-plus" data-scroll-offset="0" data-anchor-in-url="no"><div class="su-spoiler-title" tabindex="0" role="button"><span class="su-spoiler-icon"></span><strong>Over de se:cube serie van Sedus</strong></div><div class="su-spoiler-content su-u-clearfix su-u-trim">
<p>Sedus is een van de meest gerenommeerde en succesvolle kantoormeubelfabrikanten in Duitsland. Met se:cube heeft Sedus een innovatieve serie telefoon- en vergaderboxen op de markt gebracht die veel klanten enthousiast heeft gemaakt. De extra aanduiding „max“ staat voor kubussen ter grootte van een conferentieruimte die op de bestaande gebouwvloer worden geplaatst (geen aparte vloer). Het ontwerp van de Sedus kubussen wordt gekenmerkt door een eenvoudige, rechtlijnige vorm die wordt onderbroken door licht afgeronde hoeken. Hierdoor passen de se:cube modellen naadloos in de meest uiteenlopende kantooromgevingen. Een bijzonder kenmerk van de serie is de optionele LED-strip rondom. Deze dient als visueel bezettingssignaal en licht op zodra de kast in gebruik is.</p>
<p>Andere speciale kenmerken van de se:cube serie zijn</p>
<ul>
<li>TÜV-gecertificeerde veiligheid („GS“) voor <a href="https://99cubes.de/nl/producten/fokus-box-cube-s-sedus-2/">Kubus S</a>, <a href="https://99cubes.de/nl/producten/vergaderdoos-kubus-m-sedus-2/">Kubus M</a> en <a href="https://99cubes.de/nl/producten/vergaderdoos-kubus-l-sedus/">Kubus L</a>.</li>
<li>Intelligente verlichtings- en ventilatieregeling met drievoudige sensortechnologie: bewegingssensor, temperatuursensor en optionele CO²-sensor</li>
<li>Optioneel met bedieningselement voor handmatige regeling van ventilatie, helderheid en LED-kleurtemperatuur</li>
</ul>
<p>Het uiterlijk en kleurontwerp van de Sedus Cubes kunnen individueel worden aangepast:</p>
<ul>
<li>Afwerking buitenlak in 10 verschillende kleuren (standaard: wit, andere kleuren verkrijgbaar tegen meerprijs)</li>
<li>Buitenwanden kunnen worden afgewerkt met een whiteboardcoating - een Cube kan ook verstandig van buitenaf worden gebruikt, vooral in open kantooromgevingen.</li>
<li>Deur naar keuze links of rechts scharnierend</li>
</ul>
</div></div>
<div class="su-spoiler su-spoiler-style-default su-spoiler-icon-plus su-spoiler-closed" data-scroll-offset="0" data-anchor-in-url="no"><div class="su-spoiler-title" tabindex="0" role="button"><span class="su-spoiler-icon"></span><strong>Uitrusting:</strong></div><div class="su-spoiler-content su-u-clearfix su-u-trim">
<ul>
<li>PET-viltpanelen aan het plafond voor een aangename ruimteakoestiek</li>
<li>Optioneel 1, 2 of 3 zijpanelen beglaasd (deurzijde altijd beglaasd), uitvoering in 12,76 mm LSG-SI,</li>
<li>Dimbare verlichting optioneel verkrijgbaar in twee versies:
<ul>
<li>„Meeting“: met twee centraal geplaatste LED-panelen voor ideale verlichting van een vergadertafel, optioneel ook verkrijgbaar in HCL-versie (HCL = Human Centric Lightning, maakt een kleurtemperatuurverandering mogelijk die is gemodelleerd naar zonlicht in de loop van de dag)</li>
<li>„Workshop“: afhankelijk van de grootte van de ruimte, vier of zes dimbare LED-lampen die gelijkmatig over de ruimte zijn verdeeld - maakt een gelijkmatigere verlichting mogelijk (ideaal voor flexibel ruimtegebruik met mobiele meubels)</li>
</ul>
</li>
<li>Optioneel: Panelen op binnen- en buitenmuren in whiteboarddesign</li>
<li>Deur naar binnen openend, rolstoeltoegankelijk (zonder drempel)</li>
<li>Deur met slotkast met schijncilinder - maakt achteraf inbouwen van aangepaste sluitsystemen mogelijk</li>
</ul>
</div></div>
<div class="su-spoiler su-spoiler-style-default su-spoiler-icon-plus su-spoiler-closed" data-scroll-offset="0" data-anchor-in-url="no"><div class="su-spoiler-title" tabindex="0" role="button"><span class="su-spoiler-icon"></span><strong>Afmetingen en gewicht:</strong></div><div class="su-spoiler-content su-u-clearfix su-u-trim">
<p>Er zijn drie verschillende maten beschikbaar (de gewichten zijn waarden bij benadering - het exacte gewicht hangt af van het aantal individueel geconfigureerde glazen wanden):</p>
<ul>
<li><strong>Kubus max S:</strong> Basisoppervlak van 3×3 meter - gewicht ca. 950 kg</li>
<li><strong>Kubus max M:</strong> Basisoppervlak van 3×4 of 4×3 meter - Gewicht ca. 1.150 kg</li>
<li><strong>Kubus max L:</strong> Bodemoppervlak van 4×4 meter - gewicht ongeveer 1.300 kg</li>
</ul>
</div></div>
<div class="su-spoiler su-spoiler-style-default su-spoiler-icon-plus su-spoiler-closed" data-scroll-offset="0" data-anchor-in-url="no"><div class="su-spoiler-title" tabindex="0" role="button"><span class="su-spoiler-icon"></span><strong>Akoestische gegevens en ventilatie:</strong></div><div class="su-spoiler-content su-u-clearfix su-u-trim">
<ul>
<li>29 dB(A) Geluidsniveau reductie volgens DIN EN ISO 11957 (2010)</li>
<li>Volledig automatische ventilatie met twee krachtige ventilatoren (met een gecombineerd nominaal ventilatorvermogen van 2.708 m³/u). Afhankelijk van de grootte van de vergaderruimte zorgen deze voor een volledige luchtverversing binnen 1,33 tot 2,45 minuten.</li>
</ul>
</div></div>
</div>

<p>De akoestische kubussen van Sedus zijn niet alleen verkrijgbaar in de versies telefooncel en vergadercel, maar ook in conferentiezaalformaat met de toevoeging „max“. U kunt kiezen uit drie verschillende maten:</p>
<ul>
<li><strong>Kubus max S:</strong> Basisoppervlak van 3×3 meter</li>
<li><strong>Kubus max M:</strong> 3×4 of 4×3 meter basisoppervlak</li>
<li><strong>Kubus max L:</strong> 4×4 meter basisoppervlak</li>
</ul>
<p>Alle vergaderruimten in de Cube Max serie kunnen worden geconfigureerd met één, twee of drie glazen wanden. De vierde wand verbergt de technologie, zoals stroomaansluitingen, ventilatie, monitorbevestigingen, enz.</p>
<p>Afhankelijk van de grootte zijn er vergadertafels voor zittend of staand gebruik beschikbaar voor de binneninrichting (niet inbegrepen).</p>

Die Akustik-Cubes von Sedus gibt es nicht nur in den Telefonboxen- und Meetingboxen-Variante sondern mit dem Zusatz "max" auch in Konferenzraum-Größe. Drei verschiedene Größen stehen zur Auswahl: Cube max S: 3x3 Meter Grundfläche Cube max M: 3x4 oder 4x3 Meter Grundfläche Cube max L: 4x4 Meter Grundfläche Alle Konferenzräume der Cube-Max-Serie können wahlweise mit einer,&hellip;
