{"id":3413,"date":"2025-01-17T12:16:50","date_gmt":"2025-01-17T11:16:50","guid":{"rendered":"https:\/\/99cubes.de\/?post_type=product&#038;p=3413"},"modified":"2026-01-23T10:40:04","modified_gmt":"2026-01-23T09:40:04","slug":"podcast-booth-podcast-duo-studiobricks","status":"publish","type":"product","link":"https:\/\/99cubes.de\/nl\/produkt\/podcast-kabine-podcast-duo-studiobricks\/","title":{"rendered":"Podcast stand \u201ePodcast DUO\u201c | Studiobricks"},"content":{"rendered":"<div class=\"su-accordion su-u-trim\">\n<div class=\"su-spoiler su-spoiler-style-default su-spoiler-icon-plus\" data-scroll-offset=\"0\" data-anchor-in-url=\"no\"><div class=\"su-spoiler-title\" tabindex=\"0\" role=\"button\"><span class=\"su-spoiler-icon\"><\/span><strong>De podcast-editie van Studiobricks<\/strong><\/div><div class=\"su-spoiler-content su-u-clearfix su-u-trim\">\n<p>De podcast editie van Studiobricks bevat geluidsdichte booths die perfect ontworpen zijn voor podcast productie. Heb je weinig ruimte tot je beschikking maar wel behoefte aan een eigen mini podcast studio, dan bieden de podcast booths van Studiobricks een compacte en hoogwaardige oplossing \u201eout of the box\u201c. De standaarduitrusting omvat een technologiekit uit de m!ka serie van Yellotec, bestaande uit twee wandbeugels, twee microfoonarmen en een plexiglas plank in DIN A3.<\/p>\n<\/div><\/div>\n<div class=\"su-spoiler su-spoiler-style-default su-spoiler-icon-plus su-spoiler-closed\" data-scroll-offset=\"0\" data-anchor-in-url=\"no\"><div class=\"su-spoiler-title\" tabindex=\"0\" role=\"button\"><span class=\"su-spoiler-icon\"><\/span><strong>Uitrusting:<\/strong><\/div><div class=\"su-spoiler-content su-u-clearfix su-u-trim\">\n<p>De podcastcabines uit het assortiment \u201ePodcast Edition by Studiobricks\u201c zijn als volgt uitgerust:<\/p>\n<ul>\n<li>Wandabsorberende combinatie gemaakt van gerecycled PET:\n<ul>\n<li>in standaarduitvoering (onderste wanddeel)<\/li>\n<li>in innovatief Studiobricks Eco45 ontwerp (bovenste wanddeel)<\/li>\n<li>2x SmartFuser diffuser op hoofdhoogte in zwart of wit<\/li>\n<\/ul>\n<\/li>\n<li>Plafondabsorber gemaakt van Studiobricks EcoTex (gerecycled katoen)<\/li>\n<li>CBTrap PET 3080 condenspot<\/li>\n<li>Donkergrijs tapijt<\/li>\n<li>Studiobricks LightPanel (LED verlichting) met ca. 60cm lengte<\/li>\n<li>Afwerking buitenlak in wit (andere kleuren op aanvraag tegen meerprijs)<\/li>\n<li>Omlijste glazen deur met geluidsisolerend raam<\/li>\n<li>2x Schuko stopcontact<\/li>\n<li>2x ventilatieset met filter (op het linker zijpaneel)<\/li>\n<li>Kabeltunnel voor maximaal 10 kabels en extra kabeltunnel onder het bureau voor maximaal 4 kabels<\/li>\n<li>Opvouwbaar bureau 60 x 60 x 3 cm (wit)<\/li>\n<li>Yellowtec podcast edition kit voor 2 personen:\n<ul>\n<li>Mika wandpaal (2 stuks)<\/li>\n<li>Mika Muurpaaladapter (2 stuks)<\/li>\n<li>Mika Microfoonarm M Al. (2 eenheden)<\/li>\n<li>Mika Monitorarm M Aluminium<\/li>\n<li>Mika Kopieerstandaard Din A3<\/li>\n<\/ul>\n<\/li>\n<\/ul>\n<p>In de standaardconfiguratie is de voorkant gesloten - alleen de deur is beglaasd. Een apart raam (symmetrisch geplaatst ten opzichte van de glazen deur) is verkrijgbaar tegen een meerprijs.<\/p>\n<\/div><\/div>\n<div class=\"su-spoiler su-spoiler-style-default su-spoiler-icon-plus su-spoiler-closed\" data-scroll-offset=\"0\" data-anchor-in-url=\"no\"><div class=\"su-spoiler-title\" tabindex=\"0\" role=\"button\"><span class=\"su-spoiler-icon\"><\/span><strong>Afmetingen en gewicht:<\/strong><\/div><div class=\"su-spoiler-content su-u-clearfix su-u-trim\">\n<p>De podcastcabine \u201ePodcast Duo\u201c is ontworpen voor twee personen en heeft de volgende afmetingen:<\/p>\n<p>Buitenafmetingen: 2,13 x 1,21 x 2,22 meter<\/p>\n<p>Interne afmetingen: 1,97 x 1,05 x 2,10 meter<\/p>\n<p>Gewicht: ongeveer 640 kg<\/p>\n<\/div><\/div>\n<\/div>","protected":false},"excerpt":{"rendered":"<p><img loading=\"lazy\" decoding=\"async\" class=\"alignleft wp-image-3418\" src=\"https:\/\/99cubes.de\/wp-content\/uploads\/2025\/01\/Podcast-Edition-99cubes-200x200.jpg\" alt=\"\" width=\"156\" height=\"150\" srcset=\"https:\/\/99cubes.de\/wp-content\/uploads\/2025\/01\/Podcast-Edition-99cubes-450x432.jpg 450w, https:\/\/99cubes.de\/wp-content\/uploads\/2025\/01\/Podcast-Edition-99cubes-768x737.jpg 768w, https:\/\/99cubes.de\/wp-content\/uploads\/2025\/01\/Podcast-Edition-99cubes-13x12.jpg 13w, https:\/\/99cubes.de\/wp-content\/uploads\/2025\/01\/Podcast-Edition-99cubes-575x552.jpg 575w, https:\/\/99cubes.de\/wp-content\/uploads\/2025\/01\/Podcast-Edition-99cubes-380x365.jpg 380w, https:\/\/99cubes.de\/wp-content\/uploads\/2025\/01\/Podcast-Edition-99cubes-26x26.jpg 26w, https:\/\/99cubes.de\/wp-content\/uploads\/2025\/01\/Podcast-Edition-99cubes-800x768.jpg 800w, https:\/\/99cubes.de\/wp-content\/uploads\/2025\/01\/Podcast-Edition-99cubes.jpg 817w\" sizes=\"auto, (max-width: 156px) 100vw, 156px\" \/><br \/>\nDe podcastcabine \u201ePodcast Duo\u201c biedt een gecontroleerde akoestische omgeving in een compacte ruimte zonder storend geluid van buitenaf. Het door Studiobricks ontwikkelde dubbelwandige systeem, gecombineerd met een uitgekiende combinatie van verschillende absorbers binnenin, zorgt voor een perfecte geluidskwaliteit voor uw podcastopnames. Ideaal voor podcaststudio's in het thuiskantoor of voor bedrijven met een eigen in-house podcastproductie.<\/p>","protected":false},"featured_media":3414,"comment_status":"open","ping_status":"closed","template":"","meta":{"content-type":"","_uag_custom_page_level_css":""},"product_brand":[],"product_cat":[60],"product_tag":[],"class_list":{"0":"post-3413","1":"product","2":"type-product","3":"status-publish","4":"has-post-thumbnail","6":"product_cat-meetingboxen","7":"pa_anzahl-personen-2-personen","8":"pa_belueftungssteuerung-individuell-steuerbar","9":"pa_breite-213-m","10":"pa_buchungstool-display-goconut-ready","11":"pa_einsatz-szenarien-podcasts","12":"pa_farbe-konfigurierbar","13":"pa_farbe-weiss","14":"pa_flex-miete-verfuegbar-auf-anfrage","15":"pa_gewicht-640-kg","16":"pa_hoehe-222-m","17":"pa_lan-kein-lan-anschluss","18":"pa_lieferzeit-4-bis-6-wochen-lieferzeit","19":"pa_luftaustausch-keine-angaben","20":"pa_marke-studiobricks","21":"pa_mobilitaet-keine","22":"pa_monitorhalterung-ohne-monitorhalterung","23":"pa_preissegment-drei","24":"pa_schalldaemmung-fuenf-sterne","25":"pa_sitzen-oder-stehen-im-sitzen-niedrig-mit-stuhl-oder-bank","26":"pa_spezial-features-media-innenausstattung","27":"pa_tiefe-121-m","28":"pa_verfuegbare-tisch-optionen-fixe-tischhoehe-sitzen","29":"pa_verwendung-tonaufnahme","31":"first","32":"instock","33":"taxable","34":"shipping-taxable","35":"purchasable","36":"product-type-simple"},"uagb_featured_image_src":{"full":["https:\/\/99cubes.de\/wp-content\/uploads\/2025\/01\/Studiobricks-Podcast-Edition-Podcast-Kabine-Podcast-DUO-Aussenansicht.jpg",1392,1200,false],"thumbnail":["https:\/\/99cubes.de\/wp-content\/uploads\/2025\/01\/Studiobricks-Podcast-Edition-Podcast-Kabine-Podcast-DUO-Aussenansicht-200x200.jpg",200,200,true],"medium":["https:\/\/99cubes.de\/wp-content\/uploads\/2025\/01\/Studiobricks-Podcast-Edition-Podcast-Kabine-Podcast-DUO-Aussenansicht-450x388.jpg",450,388,true],"medium_large":["https:\/\/99cubes.de\/wp-content\/uploads\/2025\/01\/Studiobricks-Podcast-Edition-Podcast-Kabine-Podcast-DUO-Aussenansicht-768x662.jpg",768,662,true],"large":["https:\/\/99cubes.de\/wp-content\/uploads\/2025\/01\/Studiobricks-Podcast-Edition-Podcast-Kabine-Podcast-DUO-Aussenansicht-1200x1034.jpg",1140,982,true],"1536x1536":["https:\/\/99cubes.de\/wp-content\/uploads\/2025\/01\/Studiobricks-Podcast-Edition-Podcast-Kabine-Podcast-DUO-Aussenansicht-1536x1324.jpg",1392,1200,true],"2048x2048":["https:\/\/99cubes.de\/wp-content\/uploads\/2025\/01\/Studiobricks-Podcast-Edition-Podcast-Kabine-Podcast-DUO-Aussenansicht.jpg",1392,1200,false],"trp-custom-language-flag":["https:\/\/99cubes.de\/wp-content\/uploads\/2025\/01\/Studiobricks-Podcast-Edition-Podcast-Kabine-Podcast-DUO-Aussenansicht-14x12.jpg",14,12,true],"botiga-extra-large":["https:\/\/99cubes.de\/wp-content\/uploads\/2025\/01\/Studiobricks-Podcast-Edition-Podcast-Kabine-Podcast-DUO-Aussenansicht-1140x983.jpg",1140,983,true],"botiga-large":["https:\/\/99cubes.de\/wp-content\/uploads\/2025\/01\/Studiobricks-Podcast-Edition-Podcast-Kabine-Podcast-DUO-Aussenansicht-920x793.jpg",920,793,true],"botiga-big":["https:\/\/99cubes.de\/wp-content\/uploads\/2025\/01\/Studiobricks-Podcast-Edition-Podcast-Kabine-Podcast-DUO-Aussenansicht-575x496.jpg",575,496,true],"botiga-medium":["https:\/\/99cubes.de\/wp-content\/uploads\/2025\/01\/Studiobricks-Podcast-Edition-Podcast-Kabine-Podcast-DUO-Aussenansicht-380x328.jpg",380,328,true],"botiga-header-icons":["https:\/\/99cubes.de\/wp-content\/uploads\/2025\/01\/Studiobricks-Podcast-Edition-Podcast-Kabine-Podcast-DUO-Aussenansicht-50x50.jpg",50,50,true],"botiga-product-swatch-image":["https:\/\/99cubes.de\/wp-content\/uploads\/2025\/01\/Studiobricks-Podcast-Edition-Podcast-Kabine-Podcast-DUO-Aussenansicht-26x26.jpg",26,26,true],"woocommerce_thumbnail":["https:\/\/99cubes.de\/wp-content\/uploads\/2025\/01\/Studiobricks-Podcast-Edition-Podcast-Kabine-Podcast-DUO-Aussenansicht-420x420.jpg",420,420,true],"woocommerce_single":["https:\/\/99cubes.de\/wp-content\/uploads\/2025\/01\/Studiobricks-Podcast-Edition-Podcast-Kabine-Podcast-DUO-Aussenansicht-800x690.jpg",800,690,true],"woocommerce_gallery_thumbnail":["https:\/\/99cubes.de\/wp-content\/uploads\/2025\/01\/Studiobricks-Podcast-Edition-Podcast-Kabine-Podcast-DUO-Aussenansicht-100x100.jpg",100,100,true],"wpvr_mobile":["https:\/\/99cubes.de\/wp-content\/uploads\/2025\/01\/Studiobricks-Podcast-Edition-Podcast-Kabine-Podcast-DUO-Aussenansicht.jpg",1392,1200,false]},"uagb_author_info":{"display_name":"frank","author_link":"https:\/\/99cubes.de\/nl\/author\/"},"uagb_comment_info":0,"uagb_excerpt":"Die Podcast-Kabine \"Podcast Duo\" bietet auf kompaktem Raum eine kontrollierte akustische Umgebung ohne st\u00f6rende Au\u00dfenger\u00e4usche. Das von Studiobricks entwickelte Doppelwand-System sorgt in Kombination mit einer durchdachten Kombination verschiedener Absorber im Inneren f\u00fcr perfekte Tonqualit\u00e4t deiner Podcast-Aufnahmen. Ideal geeignet f\u00fcr Podcast-Studios im Homeoffice oder f\u00fcr Unternehmen mit eigener Inhouse-Podcast-Produktion.","_links":{"self":[{"href":"https:\/\/99cubes.de\/nl\/wp-json\/wp\/v2\/product\/3413","targetHints":{"allow":["GET"]}}],"collection":[{"href":"https:\/\/99cubes.de\/nl\/wp-json\/wp\/v2\/product"}],"about":[{"href":"https:\/\/99cubes.de\/nl\/wp-json\/wp\/v2\/types\/product"}],"replies":[{"embeddable":true,"href":"https:\/\/99cubes.de\/nl\/wp-json\/wp\/v2\/comments?post=3413"}],"wp:featuredmedia":[{"embeddable":true,"href":"https:\/\/99cubes.de\/nl\/wp-json\/wp\/v2\/media\/3414"}],"wp:attachment":[{"href":"https:\/\/99cubes.de\/nl\/wp-json\/wp\/v2\/media?parent=3413"}],"wp:term":[{"taxonomy":"product_brand","embeddable":true,"href":"https:\/\/99cubes.de\/nl\/wp-json\/wp\/v2\/product_brand?post=3413"},{"taxonomy":"product_cat","embeddable":true,"href":"https:\/\/99cubes.de\/nl\/wp-json\/wp\/v2\/product_cat?post=3413"},{"taxonomy":"product_tag","embeddable":true,"href":"https:\/\/99cubes.de\/nl\/wp-json\/wp\/v2\/product_tag?post=3413"}],"curies":[{"name":"wp","href":"https:\/\/api.w.org\/{rel}","templated":true}]}}

Die Podcast-Kabine "Podcast Duo" bietet auf kompaktem Raum eine kontrollierte akustische Umgebung ohne störende Außengeräusche. Das von Studiobricks entwickelte Doppelwand-System sorgt in Kombination mit einer durchdachten Kombination verschiedener Absorber im Inneren für perfekte Tonqualität deiner Podcast-Aufnahmen. Ideal geeignet für Podcast-Studios im Homeoffice oder für Unternehmen mit eigener Inhouse-Podcast-Produktion.
