{"id":4555,"date":"2026-02-09T17:46:17","date_gmt":"2026-02-09T16:46:17","guid":{"rendered":"https:\/\/99cubes.de\/?post_type=product&#038;p=4555"},"modified":"2026-02-10T17:44:19","modified_gmt":"2026-02-10T16:44:19","slug":"telefooncel-cube-air-pro","status":"publish","type":"product","link":"https:\/\/99cubes.de\/nl\/produkt\/telefonbox-cube-air-pro\/","title":{"rendered":"Cube Air Pro\u201e telefooncel\u201c"},"content":{"rendered":"<div class=\"su-accordion su-u-trim\">\n<div class=\"su-spoiler su-spoiler-style-default su-spoiler-icon-plus\" data-scroll-offset=\"0\" data-anchor-in-url=\"no\"><div class=\"su-spoiler-title\" tabindex=\"0\" role=\"button\"><span class=\"su-spoiler-icon\"><\/span><strong>Telefooncel Cube Air Pro<\/strong><\/div><div class=\"su-spoiler-content su-u-clearfix su-u-trim\">\n<p>De naam zegt het al: de telefooncel \u201eCube Air Pro\u201c scoort met zijn hoge prestatiewaarden op het gebied van ventilatie. De nominale output van de hier ge\u00efnstalleerde ventilator is 210 m\u00b3\/u. Dat alleen al zou deze telefooncel aanzienlijk beter maken dan de 90% van de concurrentie. Maar dat is nog niet alles: de \u201eCube Air Pro\u201c telefooncel is uitgerust met twee van deze ventilatoren in het plafond. Met een totaal nominaal ventilatorvermogen van 420 m\u00b3\/u is dit een absolute topwaarde!<\/p>\n<p>Ondanks de krachtige prestaties blijft de geluidsontwikkeling binnen de perken: Een lichte brom binnen, nauwelijks geluid buiten. We raden het model \u201eCube Air Pro\u201c aan aan iedereen die al kampt met een bedompt kantoor en zeker wil zijn van voldoende frisse lucht \u201ein the box\u201c.<\/p>\n<\/div><\/div>\n<div class=\"su-spoiler su-spoiler-style-default su-spoiler-icon-plus su-spoiler-closed\" data-scroll-offset=\"0\" data-anchor-in-url=\"no\"><div class=\"su-spoiler-title\" tabindex=\"0\" role=\"button\"><span class=\"su-spoiler-icon\"><\/span><strong>Uitrusting:<\/strong><\/div><div class=\"su-spoiler-content su-u-clearfix su-u-trim\">\n<p>De \u201eCube Air Pro\u201c telefooncel wordt geleverd met de volgende standaarduitrusting:<\/p>\n<ul>\n<li>Ge\u00efntegreerde verlichting met LED-strip in het plafond met 2.700 Kelvin (warm wit) en energie-effici\u00ebntieklasse A+<\/li>\n<li>Ge\u00efntegreerde ventilatie met volautomatische regeling via aanwezigheidsmelder en 3 minuten nalooptijd (na het verlaten van de box)<\/li>\n<li>Tafel op 1,05 meter hoogte aan de rechter zijwand, met stopcontact in het tafelblad, afmetingen tafel 75 cm x 35 cm, dikte 19 mm<\/li>\n<li>PET vilten wand- en plafondpanelen in lichtgrijs, PET vilten vloerbedekking in antraciet<\/li>\n<li>Mat wit magnetisch oppervlak \/ wit bord boven de tafel<\/li>\n<li>Glazen deur gemaakt van 8 mm enkel veiligheidsglas incl. folie op ooghoogte. Deurbeslag en handgreep zwart gepoedercoat. Deurscharnier naar keuze links of rechts<\/li>\n<li>Plug &amp; Play: Aansluiting via 5m voedingskabel (optioneel van achter\/onder of van boven via het plafond)<\/li>\n<\/ul>\n<p>De kleur van de buitenkant en de kleur van de tafel zijn vrij te kiezen (melamine oppervlak). De volgende kleurvarianten zijn zonder extra kosten verkrijgbaar:<\/p>\n<ul>\n<li>Drie verschillende tinten wit (zuiver wit, natuurlijk wit, artic wit)<\/li>\n<li>Drie verschillende grijstinten (lichtgrijs, kiezelgrijs, steengrijs)<\/li>\n<li>Twee verschillende tinten zwart (grafietzwart, zwart)<\/li>\n<li>Vier verschillende melamine oppervlakken in houtlook (licht essen, licht eiken, natuurlijk eiken, donker eiken)<\/li>\n<\/ul>\n<p>De volgende configuratieopties zijn als optie \/ tegen meerprijs verkrijgbaar:<\/p>\n<ul>\n<li>CO2-sensor met oranje knipperende LED (als de grenswaarde wordt overschreden)<\/li>\n<li>USB-A\/C-oplaadaansluiting in plaats van het stopcontact<\/li>\n<li>Hoogwaardige melamine oppervlakken in \u201eLikewood eik\u201c of \u201eLikewood eik honing\u201c.\u201c<\/li>\n<\/ul>\n<\/div><\/div>\n<div class=\"su-spoiler su-spoiler-style-default su-spoiler-icon-plus su-spoiler-closed\" data-scroll-offset=\"0\" data-anchor-in-url=\"no\"><div class=\"su-spoiler-title\" tabindex=\"0\" role=\"button\"><span class=\"su-spoiler-icon\"><\/span><strong>Afmetingen en gewicht:<\/strong><\/div><div class=\"su-spoiler-content su-u-clearfix su-u-trim\">\n<ul>\n<li><strong>Uitwendige afmetingen<\/strong>1,00 m x 1,00 m x 2,23 m (breedte x diepte x hoogte)<\/li>\n<li><strong>Afmetingen binnen<\/strong>0,90 m x 0,915 m x 2,03 m (breedte x diepte x hoogte)<\/li>\n<li><strong>Gewicht:<\/strong> 257 kg<\/li>\n<\/ul>\n<\/div><\/div>\n<div class=\"su-spoiler su-spoiler-style-default su-spoiler-icon-plus su-spoiler-closed\" data-scroll-offset=\"0\" data-anchor-in-url=\"no\"><div class=\"su-spoiler-title\" tabindex=\"0\" role=\"button\"><span class=\"su-spoiler-icon\"><\/span><strong>Akoestische gegevens en ventilatie:<\/strong><\/div><div class=\"su-spoiler-content su-u-clearfix su-u-trim\">\n<ul>\n<li><strong>Geluidsisolatie:<\/strong> De geluidsisolatiewaarden van de telefooncabine \u201eCube Air Pro\u201c liggen in het bereik van geluidsisolatieklasse C (ISO 23351-1), wat over het algemeen voldoende is voor normale kantoortuinen (zie ook <a href=\"https:\/\/99cubes.de\/nl\/geluidsisolatie\/\">Geluidsisolatie<\/a>). De volgende aspecten bevorderen de geluidsisolatie van de telefooncel:\n<ul>\n<li>Tapijt en binnenwand van PET-vilt<\/li>\n<li>Glazen deur van 8 mm enkel veiligheidsglas<\/li>\n<li>Rubber afdichting met magnetische sluiting<\/li>\n<li>Intelligente, geluidsabsorberende luchtgeleiding in het dubbelwandige plafond<\/li>\n<\/ul>\n<\/li>\n<li><strong>Ventilatie:<\/strong> De technische ventilatiewaarden zijn indrukwekkend: twee ventilatoren, elk met een nominaal ventilatorvermogen van 210 m\u00b3\/u (dus in totaal 420 m\u00b3\/u), zorgen elke 60 seconden voor een volledige luchtverversing. Deze waarden zijn onge\u00ebvenaard in deze prijsklasse, waardoor de telefooncel \u201eCube Air Pro\u201c geschikt is voor kamers die al wat benauwd of warmer zijn of geen airconditioning hebben.<\/li>\n<\/ul>\n<\/div><\/div>\n<\/div>","protected":false},"excerpt":{"rendered":"<p>De telefooncel \u201eCube Air Pro\u201c is een functionele telefooncel die indruk maakt met zijn innerlijke waarden: bijna geen enkele andere telefooncel in deze grootte en prijsklasse kan bogen op zo'n krachtige ventilator als het model \u201eCube Pro Air\u201c. De angst voor benauwde lucht in de box - een zorg die we van veel klanten hebben gehoord - wordt letterlijk weggeblazen. En alsof dat nog niet genoeg is, kan de \u201eCube Air Pro\u201c telefooncel optioneel worden uitgerust met een CO2-sensor die oranje begint te knipperen wanneer een grenswaarde wordt overschreden.<\/p>","protected":false},"featured_media":4559,"comment_status":"open","ping_status":"closed","template":"","meta":{"content-type":"","_uag_custom_page_level_css":""},"product_brand":[],"product_cat":[61],"product_tag":[],"class_list":{"0":"post-4555","1":"product","2":"type-product","3":"status-publish","4":"has-post-thumbnail","6":"product_cat-telefonbox","7":"pa_anzahl-personen-1-person","8":"pa_belueftungssteuerung-vollautomatisch","9":"pa_breite-100-m","10":"pa_buchungstool-display-goconut-ready","11":"pa_einsatz-szenarien-buero","12":"pa_einsatz-szenarien-hotel","13":"pa_einsatz-szenarien-schule-universitaet","14":"pa_farbe-konfigurierbar","15":"pa_farbe-schwarz","16":"pa_farbe-weiss","17":"pa_flex-miete-verfuegbar-auf-anfrage","18":"pa_gewicht-257-kg","19":"pa_hoehe-223-m","20":"pa_lan-kein-lan-anschluss","21":"pa_lieferzeit-4-bis-6-wochen-lieferzeit","22":"pa_luftaustausch-100-m-h-systemluftstrom","23":"pa_luftaustausch-420-m-h-nominell","24":"pa_mobilitaet-keine","25":"pa_monitorhalterung-ohne-monitorhalterung","26":"pa_preissegment-eins","27":"pa_schalldaemmung-zwei-sterne","28":"pa_sitzen-oder-stehen-im-stehen","29":"pa_spezial-features-gs-tuev-zertifiziert","30":"pa_spezial-features-white-board-option","31":"pa_tiefe-100-m","32":"pa_verfuegbare-tisch-optionen-fixe-tischhoehe-stehen","33":"pa_verwendung-telefonieren","34":"pa_verwendung-video-call","36":"first","37":"instock","38":"taxable","39":"shipping-taxable","40":"purchasable","41":"product-type-simple"},"uagb_featured_image_src":{"full":["https:\/\/99cubes.de\/wp-content\/uploads\/2026\/02\/99cubes-telefonbox-cube-air-pro-tuer-offen-quadrat.jpg",1200,1200,false],"thumbnail":["https:\/\/99cubes.de\/wp-content\/uploads\/2026\/02\/99cubes-telefonbox-cube-air-pro-tuer-offen-quadrat-200x200.jpg",200,200,true],"medium":["https:\/\/99cubes.de\/wp-content\/uploads\/2026\/02\/99cubes-telefonbox-cube-air-pro-tuer-offen-quadrat-450x450.jpg",450,450,true],"medium_large":["https:\/\/99cubes.de\/wp-content\/uploads\/2026\/02\/99cubes-telefonbox-cube-air-pro-tuer-offen-quadrat-768x768.jpg",768,768,true],"large":["https:\/\/99cubes.de\/wp-content\/uploads\/2026\/02\/99cubes-telefonbox-cube-air-pro-tuer-offen-quadrat-1200x1200.jpg",1140,1140,true],"1536x1536":["https:\/\/99cubes.de\/wp-content\/uploads\/2026\/02\/99cubes-telefonbox-cube-air-pro-tuer-offen-quadrat-1536x1536.jpg",1200,1200,true],"2048x2048":["https:\/\/99cubes.de\/wp-content\/uploads\/2026\/02\/99cubes-telefonbox-cube-air-pro-tuer-offen-quadrat.jpg",1200,1200,false],"trp-custom-language-flag":["https:\/\/99cubes.de\/wp-content\/uploads\/2026\/02\/99cubes-telefonbox-cube-air-pro-tuer-offen-quadrat-12x12.jpg",12,12,true],"botiga-extra-large":["https:\/\/99cubes.de\/wp-content\/uploads\/2026\/02\/99cubes-telefonbox-cube-air-pro-tuer-offen-quadrat-1140x1140.jpg",1140,1140,true],"botiga-large":["https:\/\/99cubes.de\/wp-content\/uploads\/2026\/02\/99cubes-telefonbox-cube-air-pro-tuer-offen-quadrat-920x920.jpg",920,920,true],"botiga-big":["https:\/\/99cubes.de\/wp-content\/uploads\/2026\/02\/99cubes-telefonbox-cube-air-pro-tuer-offen-quadrat-575x575.jpg",575,575,true],"botiga-medium":["https:\/\/99cubes.de\/wp-content\/uploads\/2026\/02\/99cubes-telefonbox-cube-air-pro-tuer-offen-quadrat-380x380.jpg",380,380,true],"botiga-header-icons":["https:\/\/99cubes.de\/wp-content\/uploads\/2026\/02\/99cubes-telefonbox-cube-air-pro-tuer-offen-quadrat-50x50.jpg",50,50,true],"botiga-product-swatch-image":["https:\/\/99cubes.de\/wp-content\/uploads\/2026\/02\/99cubes-telefonbox-cube-air-pro-tuer-offen-quadrat-26x26.jpg",26,26,true],"woocommerce_thumbnail":["https:\/\/99cubes.de\/wp-content\/uploads\/2026\/02\/99cubes-telefonbox-cube-air-pro-tuer-offen-quadrat-420x420.jpg",420,420,true],"woocommerce_single":["https:\/\/99cubes.de\/wp-content\/uploads\/2026\/02\/99cubes-telefonbox-cube-air-pro-tuer-offen-quadrat-800x800.jpg",800,800,true],"woocommerce_gallery_thumbnail":["https:\/\/99cubes.de\/wp-content\/uploads\/2026\/02\/99cubes-telefonbox-cube-air-pro-tuer-offen-quadrat-100x100.jpg",100,100,true],"wpvr_mobile":["https:\/\/99cubes.de\/wp-content\/uploads\/2026\/02\/99cubes-telefonbox-cube-air-pro-tuer-offen-quadrat.jpg",1200,1200,false]},"uagb_author_info":{"display_name":"frank","author_link":"https:\/\/99cubes.de\/nl\/author\/"},"uagb_comment_info":0,"uagb_excerpt":"Die Telefonbox \"Cube Air Pro\" ist eine funktional gehaltene Telefonbox, die mit ihren inneren Werten \u00fcberzeugt: Wohl kaum eine andere Telefonbox dieser Gr\u00f6\u00dfe und Preisklasse kann mit einer solch potenten L\u00fcfterleistung aufwarten wie das Modell \"Cube Pro Air\". Die Angst vor stickiger Luft in der Box - eine Sorge, die wir aus vielen Kundengespr\u00e4chen herausgeh\u00f6rt&hellip;","_links":{"self":[{"href":"https:\/\/99cubes.de\/nl\/wp-json\/wp\/v2\/product\/4555","targetHints":{"allow":["GET"]}}],"collection":[{"href":"https:\/\/99cubes.de\/nl\/wp-json\/wp\/v2\/product"}],"about":[{"href":"https:\/\/99cubes.de\/nl\/wp-json\/wp\/v2\/types\/product"}],"replies":[{"embeddable":true,"href":"https:\/\/99cubes.de\/nl\/wp-json\/wp\/v2\/comments?post=4555"}],"wp:featuredmedia":[{"embeddable":true,"href":"https:\/\/99cubes.de\/nl\/wp-json\/wp\/v2\/media\/4559"}],"wp:attachment":[{"href":"https:\/\/99cubes.de\/nl\/wp-json\/wp\/v2\/media?parent=4555"}],"wp:term":[{"taxonomy":"product_brand","embeddable":true,"href":"https:\/\/99cubes.de\/nl\/wp-json\/wp\/v2\/product_brand?post=4555"},{"taxonomy":"product_cat","embeddable":true,"href":"https:\/\/99cubes.de\/nl\/wp-json\/wp\/v2\/product_cat?post=4555"},{"taxonomy":"product_tag","embeddable":true,"href":"https:\/\/99cubes.de\/nl\/wp-json\/wp\/v2\/product_tag?post=4555"}],"curies":[{"name":"wp","href":"https:\/\/api.w.org\/{rel}","templated":true}]}}

<div class="su-accordion su-u-trim">
<div class="su-spoiler su-spoiler-style-default su-spoiler-icon-plus" data-scroll-offset="0" data-anchor-in-url="no"><div class="su-spoiler-title" tabindex="0" role="button"><span class="su-spoiler-icon"></span><strong>Telefooncel Cube Air Pro</strong></div><div class="su-spoiler-content su-u-clearfix su-u-trim">
<p>De naam zegt het al: de telefooncel „Cube Air Pro“ scoort met zijn hoge prestatiewaarden op het gebied van ventilatie. De nominale output van de hier geïnstalleerde ventilator is 210 m³/u. Dat alleen al zou deze telefooncel aanzienlijk beter maken dan de 90% van de concurrentie. Maar dat is nog niet alles: de „Cube Air Pro“ telefooncel is uitgerust met twee van deze ventilatoren in het plafond. Met een totaal nominaal ventilatorvermogen van 420 m³/u is dit een absolute topwaarde!</p>
<p>Ondanks de krachtige prestaties blijft de geluidsontwikkeling binnen de perken: Een lichte brom binnen, nauwelijks geluid buiten. We raden het model „Cube Air Pro“ aan aan iedereen die al kampt met een bedompt kantoor en zeker wil zijn van voldoende frisse lucht „in the box“.</p>
</div></div>
<div class="su-spoiler su-spoiler-style-default su-spoiler-icon-plus su-spoiler-closed" data-scroll-offset="0" data-anchor-in-url="no"><div class="su-spoiler-title" tabindex="0" role="button"><span class="su-spoiler-icon"></span><strong>Uitrusting:</strong></div><div class="su-spoiler-content su-u-clearfix su-u-trim">
<p>De „Cube Air Pro“ telefooncel wordt geleverd met de volgende standaarduitrusting:</p>
<ul>
<li>Geïntegreerde verlichting met LED-strip in het plafond met 2.700 Kelvin (warm wit) en energie-efficiëntieklasse A+</li>
<li>Geïntegreerde ventilatie met volautomatische regeling via aanwezigheidsmelder en 3 minuten nalooptijd (na het verlaten van de box)</li>
<li>Tafel op 1,05 meter hoogte aan de rechter zijwand, met stopcontact in het tafelblad, afmetingen tafel 75 cm x 35 cm, dikte 19 mm</li>
<li>PET vilten wand- en plafondpanelen in lichtgrijs, PET vilten vloerbedekking in antraciet</li>
<li>Mat wit magnetisch oppervlak / wit bord boven de tafel</li>
<li>Glazen deur gemaakt van 8 mm enkel veiligheidsglas incl. folie op ooghoogte. Deurbeslag en handgreep zwart gepoedercoat. Deurscharnier naar keuze links of rechts</li>
<li>Plug &amp; Play: Aansluiting via 5m voedingskabel (optioneel van achter/onder of van boven via het plafond)</li>
</ul>
<p>De kleur van de buitenkant en de kleur van de tafel zijn vrij te kiezen (melamine oppervlak). De volgende kleurvarianten zijn zonder extra kosten verkrijgbaar:</p>
<ul>
<li>Drie verschillende tinten wit (zuiver wit, natuurlijk wit, artic wit)</li>
<li>Drie verschillende grijstinten (lichtgrijs, kiezelgrijs, steengrijs)</li>
<li>Twee verschillende tinten zwart (grafietzwart, zwart)</li>
<li>Vier verschillende melamine oppervlakken in houtlook (licht essen, licht eiken, natuurlijk eiken, donker eiken)</li>
</ul>
<p>De volgende configuratieopties zijn als optie / tegen meerprijs verkrijgbaar:</p>
<ul>
<li>CO2-sensor met oranje knipperende LED (als de grenswaarde wordt overschreden)</li>
<li>USB-A/C-oplaadaansluiting in plaats van het stopcontact</li>
<li>Hoogwaardige melamine oppervlakken in „Likewood eik“ of „Likewood eik honing“.“</li>
</ul>
</div></div>
<div class="su-spoiler su-spoiler-style-default su-spoiler-icon-plus su-spoiler-closed" data-scroll-offset="0" data-anchor-in-url="no"><div class="su-spoiler-title" tabindex="0" role="button"><span class="su-spoiler-icon"></span><strong>Afmetingen en gewicht:</strong></div><div class="su-spoiler-content su-u-clearfix su-u-trim">
<ul>
<li><strong>Uitwendige afmetingen</strong>1,00 m x 1,00 m x 2,23 m (breedte x diepte x hoogte)</li>
<li><strong>Afmetingen binnen</strong>0,90 m x 0,915 m x 2,03 m (breedte x diepte x hoogte)</li>
<li><strong>Gewicht:</strong> 257 kg</li>
</ul>
</div></div>
<div class="su-spoiler su-spoiler-style-default su-spoiler-icon-plus su-spoiler-closed" data-scroll-offset="0" data-anchor-in-url="no"><div class="su-spoiler-title" tabindex="0" role="button"><span class="su-spoiler-icon"></span><strong>Akoestische gegevens en ventilatie:</strong></div><div class="su-spoiler-content su-u-clearfix su-u-trim">
<ul>
<li><strong>Geluidsisolatie:</strong> De geluidsisolatiewaarden van de telefooncabine „Cube Air Pro“ liggen in het bereik van geluidsisolatieklasse C (ISO 23351-1), wat over het algemeen voldoende is voor normale kantoortuinen (zie ook <a href="https://99cubes.de/nl/geluidsisolatie/">Geluidsisolatie</a>). De volgende aspecten bevorderen de geluidsisolatie van de telefooncel:
<ul>
<li>Tapijt en binnenwand van PET-vilt</li>
<li>Glazen deur van 8 mm enkel veiligheidsglas</li>
<li>Rubber afdichting met magnetische sluiting</li>
<li>Intelligente, geluidsabsorberende luchtgeleiding in het dubbelwandige plafond</li>
</ul>
</li>
<li><strong>Ventilatie:</strong> De technische ventilatiewaarden zijn indrukwekkend: twee ventilatoren, elk met een nominaal ventilatorvermogen van 210 m³/u (dus in totaal 420 m³/u), zorgen elke 60 seconden voor een volledige luchtverversing. Deze waarden zijn ongeëvenaard in deze prijsklasse, waardoor de telefooncel „Cube Air Pro“ geschikt is voor kamers die al wat benauwd of warmer zijn of geen airconditioning hebben.</li>
</ul>
</div></div>
</div>

Die Telefonbox "Cube Air Pro" ist eine funktional gehaltene Telefonbox, die mit ihren inneren Werten überzeugt: Wohl kaum eine andere Telefonbox dieser Größe und Preisklasse kann mit einer solch potenten Lüfterleistung aufwarten wie das Modell "Cube Pro Air". Die Angst vor stickiger Luft in der Box - eine Sorge, die wir aus vielen Kundengesprächen herausgehört&hellip;
